Last updated on 2025-05-01 14:49:18 CEST.
Flavor | Version | Tinstall | Tcheck | Ttotal | Status | Flags |
---|---|---|---|---|---|---|
r-devel-linux-x86_64-debian-clang | 1.2 | 17.15 | 177.63 | 194.78 | NOTE | |
r-devel-linux-x86_64-debian-gcc | 1.2 | 11.52 | 122.97 | 134.49 | NOTE | |
r-devel-linux-x86_64-fedora-clang | 1.2 | 314.13 | NOTE | |||
r-devel-linux-x86_64-fedora-gcc | 1.2 | 317.40 | NOTE | |||
r-devel-windows-x86_64 | 1.2 | 18.00 | 206.00 | 224.00 | NOTE | |
r-patched-linux-x86_64 | 1.2 | 21.14 | 171.90 | 193.04 | NOTE | |
r-release-linux-x86_64 | NOTE | |||||
r-release-macos-arm64 | 1.2 | 116.00 | NOTE | |||
r-release-macos-x86_64 | 1.2 | 197.00 | NOTE | |||
r-release-windows-x86_64 | 1.2 | 19.00 | 206.00 | 225.00 | NOTE | |
r-oldrel-macos-arm64 | 1.2 | 89.00 | NOTE | |||
r-oldrel-macos-x86_64 | 1.2 | 196.00 | NOTE | |||
r-oldrel-windows-x86_64 | 1.2 | 22.00 | 260.00 | 282.00 | NOTE |
Version: 1.2
Check: Rd files
Result: NOTE
checkRd: (-1) plgraphics-internal.Rd:19: Lost braces
19 | \item{RNAMES}{code{row.names} if \code{x} is a matrix or data.frame,
| ^
Flavors: r-devel-linux-x86_64-debian-clang, r-devel-linux-x86_64-debian-gcc, r-devel-linux-x86_64-fedora-clang, r-devel-linux-x86_64-fedora-gcc, r-devel-windows-x86_64, r-patched-linux-x86_64, r-release-linux-x86_64, r-release-macos-arm64, r-release-macos-x86_64, r-release-windows-x86_64, r-oldrel-macos-arm64, r-oldrel-macos-x86_64, r-oldrel-windows-x86_64
Version: 1.2
Check: Rd cross-references
Result: NOTE
Found the following Rd file(s) with Rd \link{} targets missing package
anchors:
Tobit.Rd: Surv
Please provide package anchors for all Rd \link{} targets not in the
package itself and the base packages.
Flavors: r-devel-linux-x86_64-debian-clang, r-devel-linux-x86_64-debian-gcc, r-devel-windows-x86_64, r-patched-linux-x86_64, r-release-linux-x86_64, r-release-windows-x86_64
Version: 1.2
Check: examples
Result: NOTE
Examples with CPU (user + system) or elapsed time > 5s
user system elapsed
plregr 7.294 0.019 9.146
Flavor: r-devel-linux-x86_64-debian-clang
Version: 1.2
Check: examples
Result: NA
user system elapsed
plregr 4.897 0.009 5.572
OK
Flavor: r-devel-linux-x86_64-debian-gcc
These binaries (installable software) and packages are in development.
They may not be fully stable and should be used with caution. We make no claims about them.