CRAN Package Check Results for Package pliman

Last updated on 2025-05-08 04:52:14 CEST.

Flavor Version Tinstall Tcheck Ttotal Status Flags
r-devel-linux-x86_64-debian-clang 3.0.0 83.13 372.84 455.97 OK
r-devel-linux-x86_64-debian-gcc 3.0.0 57.11 235.50 292.61 OK
r-devel-linux-x86_64-fedora-clang 3.0.0 766.89 OK
r-devel-linux-x86_64-fedora-gcc 3.0.0 712.31 OK
r-devel-windows-x86_64 3.0.0 88.00 358.00 446.00 OK
r-patched-linux-x86_64 3.0.0 82.37 345.63 428.00 OK
r-release-linux-x86_64 3.0.0 78.73 345.15 423.88 OK
r-release-macos-arm64 3.0.0 151.00 OK
r-release-macos-x86_64 3.0.0 291.00 OK
r-release-windows-x86_64 3.0.0 88.00 369.00 457.00 OK
r-oldrel-macos-arm64 3.0.0 146.00 NOTE
r-oldrel-macos-x86_64 3.0.0 272.00 NOTE
r-oldrel-windows-x86_64 3.0.0 111.00 477.00 588.00 OK

Check Details

Version: 3.0.0
Check: installed package size
Result: NOTE installed size is 7.1Mb sub-directories of 1Mb or more: libs 3.8Mb tmp_images 1.9Mb Flavors: r-oldrel-macos-arm64, r-oldrel-macos-x86_64

These binaries (installable software) and packages are in development.
They may not be fully stable and should be used with caution. We make no claims about them.