CRAN Package Check Results for Package pliman

Last updated on 2025-07-22 13:49:20 CEST.

Flavor Version Tinstall Tcheck Ttotal Status Flags
r-devel-linux-x86_64-debian-clang 3.0.0 83.89 372.67 456.56 OK
r-devel-linux-x86_64-debian-gcc 3.0.0 53.87 234.03 287.90 OK
r-devel-linux-x86_64-fedora-clang 3.0.0 745.12 OK
r-devel-linux-x86_64-fedora-gcc 3.0.0 687.06 OK
r-devel-windows-x86_64 3.0.0 88.00 365.00 453.00 OK
r-patched-linux-x86_64 3.0.0 86.07 347.75 433.82 OK
r-release-linux-x86_64 3.0.0 76.73 344.66 421.39 OK
r-release-macos-arm64 3.0.0 151.00 OK
r-release-macos-x86_64 3.0.0 291.00 OK
r-release-windows-x86_64 3.0.0 84.00 346.00 430.00 OK
r-oldrel-macos-arm64 3.0.0 146.00 NOTE
r-oldrel-macos-x86_64 3.0.0 272.00 NOTE
r-oldrel-windows-x86_64 3.0.0 112.00 488.00 600.00 OK

Check Details

Version: 3.0.0
Check: installed package size
Result: NOTE installed size is 7.1Mb sub-directories of 1Mb or more: libs 3.8Mb tmp_images 1.9Mb Flavors: r-oldrel-macos-arm64, r-oldrel-macos-x86_64

These binaries (installable software) and packages are in development.
They may not be fully stable and should be used with caution. We make no claims about them.