Last updated on 2024-07-27 15:50:29 CEST.
Flavor | Version | Tinstall | Tcheck | Ttotal | Status | Flags |
---|---|---|---|---|---|---|
r-devel-linux-x86_64-debian-clang | 0.3.4 | 9.18 | 130.31 | 139.49 | NOTE | |
r-devel-linux-x86_64-debian-gcc | 0.3.4 | NOTE | ||||
r-devel-linux-x86_64-fedora-clang | 0.3.4 | 175.24 | NOTE | |||
r-devel-linux-x86_64-fedora-gcc | 0.3.4 | 178.31 | NOTE | |||
r-devel-windows-x86_64 | 0.3.4 | 13.00 | 157.00 | 170.00 | NOTE | |
r-patched-linux-x86_64 | 0.3.4 | NOTE | ||||
r-release-linux-x86_64 | 0.3.4 | 6.59 | 125.50 | 132.09 | NOTE | |
r-release-macos-arm64 | 0.3.4 | 73.00 | NOTE | |||
r-release-macos-x86_64 | 0.3.4 | 105.00 | NOTE | |||
r-release-windows-x86_64 | 0.3.4 | 10.00 | 154.00 | 164.00 | NOTE | |
r-oldrel-macos-arm64 | 0.3.4 | 77.00 | OK | |||
r-oldrel-macos-x86_64 | 0.3.4 | 74.00 | OK | |||
r-oldrel-windows-x86_64 | 0.3.4 | 12.00 | 166.00 | 178.00 | OK |
Version: 0.3.4
Check: Rd files
Result: NOTE
checkRd: (-1) check_hwe.Rd:103: Lost braces; missing escapes or markup?
103 | {'ALL', 'AFF', 'UNAFF', 'ALL(QT)', 'ALL(NP)'}), A1 (Allele 1; usually minor),
| ^
Flavors: r-devel-linux-x86_64-debian-clang, r-devel-linux-x86_64-debian-gcc, r-devel-linux-x86_64-fedora-clang, r-devel-linux-x86_64-fedora-gcc, r-devel-windows-x86_64, r-patched-linux-x86_64, r-release-linux-x86_64, r-release-macos-arm64, r-release-macos-x86_64, r-release-windows-x86_64
These binaries (installable software) and packages are in development.
They may not be fully stable and should be used with caution. We make no claims about them.