Last updated on 2025-05-01 14:49:18 CEST.
Flavor | Version | Tinstall | Tcheck | Ttotal | Status | Flags |
---|---|---|---|---|---|---|
r-devel-linux-x86_64-debian-clang | 0.3.4 | 9.71 | 109.22 | 118.93 | NOTE | |
r-devel-linux-x86_64-debian-gcc | 0.3.4 | 6.16 | 79.69 | 85.85 | NOTE | |
r-devel-linux-x86_64-fedora-clang | 0.3.4 | 174.12 | NOTE | |||
r-devel-linux-x86_64-fedora-gcc | 0.3.4 | 182.08 | NOTE | |||
r-devel-windows-x86_64 | 0.3.4 | 11.00 | 173.00 | 184.00 | NOTE | |
r-patched-linux-x86_64 | 0.3.4 | 10.22 | 102.96 | 113.18 | NOTE | |
r-release-linux-x86_64 | NOTE | |||||
r-release-macos-arm64 | 0.3.4 | 77.00 | NOTE | |||
r-release-macos-x86_64 | 0.3.4 | 164.00 | NOTE | |||
r-release-windows-x86_64 | 0.3.4 | 12.00 | 182.00 | 194.00 | NOTE | |
r-oldrel-macos-arm64 | 0.3.4 | 73.00 | NOTE | |||
r-oldrel-macos-x86_64 | 0.3.4 | 105.00 | NOTE | |||
r-oldrel-windows-x86_64 | 0.3.4 | 14.00 | 184.00 | 198.00 | NOTE |
Version: 0.3.4
Check: Rd files
Result: NOTE
checkRd: (-1) check_hwe.Rd:103: Lost braces; missing escapes or markup?
103 | {'ALL', 'AFF', 'UNAFF', 'ALL(QT)', 'ALL(NP)'}), A1 (Allele 1; usually minor),
| ^
Flavors: r-devel-linux-x86_64-debian-clang, r-devel-linux-x86_64-debian-gcc, r-devel-linux-x86_64-fedora-clang, r-devel-linux-x86_64-fedora-gcc, r-devel-windows-x86_64, r-patched-linux-x86_64, r-release-linux-x86_64, r-release-macos-arm64, r-release-macos-x86_64, r-release-windows-x86_64, r-oldrel-macos-arm64, r-oldrel-macos-x86_64, r-oldrel-windows-x86_64
These binaries (installable software) and packages are in development.
They may not be fully stable and should be used with caution. We make no claims about them.