Last updated on 2025-11-12 12:53:18 CET.
| Flavor | Version | Tinstall | Tcheck | Ttotal | Status | Flags |
|---|---|---|---|---|---|---|
| r-devel-linux-x86_64-debian-clang | 2.6-6 | 19.94 | 192.84 | 212.78 | WARN | |
| r-devel-linux-x86_64-debian-gcc | 2.6-6 | 13.14 | 127.91 | 141.05 | WARN | |
| r-devel-linux-x86_64-fedora-clang | 2.6-6 | 57.00 | 280.87 | 337.87 | WARN | |
| r-devel-linux-x86_64-fedora-gcc | 2.6-6 | 40.00 | 283.85 | 323.85 | WARN | |
| r-devel-windows-x86_64 | 2.6-6 | 23.00 | 202.00 | 225.00 | OK | |
| r-patched-linux-x86_64 | 2.6-6 | 22.32 | 179.58 | 201.90 | OK | |
| r-release-linux-x86_64 | 2.6-6 | 19.31 | 179.25 | 198.56 | WARN | |
| r-release-macos-arm64 | 2.6-6 | 9.00 | 84.00 | 93.00 | OK | |
| r-release-macos-x86_64 | 2.6-6 | 20.00 | 167.00 | 187.00 | OK | |
| r-release-windows-x86_64 | 2.6-6 | 21.00 | 202.00 | 223.00 | WARN | |
| r-oldrel-macos-arm64 | 2.6-6 | 10.00 | 87.00 | 97.00 | OK | |
| r-oldrel-macos-x86_64 | 2.6-6 | 20.00 | 164.00 | 184.00 | OK | |
| r-oldrel-windows-x86_64 | 2.6-6 | 31.00 | 269.00 | 300.00 | WARN |
Version: 2.6-6
Check: Rd files
Result: WARN
prepare_Rd: Undefined bibtex string name: Econometrics
Flavors: r-devel-linux-x86_64-debian-clang, r-devel-linux-x86_64-debian-gcc, r-devel-linux-x86_64-fedora-clang, r-devel-linux-x86_64-fedora-gcc, r-release-linux-x86_64, r-release-windows-x86_64, r-oldrel-windows-x86_64
These binaries (installable software) and packages are in development.
They may not be fully stable and should be used with caution. We make no claims about them.