Last updated on 2025-11-13 01:50:29 CET.
| Flavor | Version | Tinstall | Tcheck | Ttotal | Status | Flags |
|---|---|---|---|---|---|---|
| r-devel-linux-x86_64-debian-clang | 0.2.0 | 1.35 | 24.45 | 25.80 | OK | |
| r-devel-linux-x86_64-debian-gcc | 0.2.0 | 1.29 | 19.39 | 20.68 | OK | |
| r-devel-linux-x86_64-fedora-clang | 0.2.0 | 36.63 | OK | |||
| r-devel-linux-x86_64-fedora-gcc | 0.2.0 | 35.12 | OK | |||
| r-devel-windows-x86_64 | 0.2.0 | 3.00 | 48.00 | 51.00 | OK | |
| r-patched-linux-x86_64 | 0.2.0 | 1.41 | 21.84 | 23.25 | OK | |
| r-release-linux-x86_64 | 0.2.0 | 1.34 | 21.68 | 23.02 | OK | |
| r-release-macos-arm64 | 0.2.0 | 1.00 | 15.00 | 16.00 | OK | |
| r-release-macos-x86_64 | 0.2.0 | 1.00 | 29.00 | 30.00 | OK | |
| r-release-windows-x86_64 | 0.2.0 | 5.00 | 49.00 | 54.00 | OK | |
| r-oldrel-macos-arm64 | 0.2.0 | 1.00 | 20.00 | 21.00 | NOTE | |
| r-oldrel-macos-x86_64 | 0.2.0 | 2.00 | 33.00 | 35.00 | NOTE | |
| r-oldrel-windows-x86_64 | 0.2.0 | 3.00 | 52.00 | 55.00 | NOTE |
Version: 0.2.0
Check: LazyData
Result: NOTE
'LazyData' is specified without a 'data' directory
Flavors: r-oldrel-macos-arm64, r-oldrel-macos-x86_64, r-oldrel-windows-x86_64
These binaries (installable software) and packages are in development.
They may not be fully stable and should be used with caution. We make no claims about them.