Last updated on 2025-05-01 12:49:36 CEST.
Flavor | Version | Tinstall | Tcheck | Ttotal | Status | Flags |
---|---|---|---|---|---|---|
r-devel-linux-x86_64-debian-clang | 1.4.1 | 16.40 | 120.47 | 136.87 | NOTE | |
r-devel-linux-x86_64-debian-gcc | 1.4.1 | 11.81 | 88.08 | 99.89 | NOTE | |
r-devel-linux-x86_64-fedora-clang | 1.4.1 | 223.57 | OK | |||
r-devel-linux-x86_64-fedora-gcc | 1.4.1 | 231.70 | OK | |||
r-devel-windows-x86_64 | 1.4.1 | 14.00 | 191.00 | 205.00 | NOTE | |
r-patched-linux-x86_64 | 1.4.1 | 17.14 | 115.92 | 133.06 | NOTE | |
r-release-linux-x86_64 | NOTE | |||||
r-release-macos-arm64 | 1.4.1 | 152.00 | OK | |||
r-release-macos-x86_64 | 1.4.1 | 240.00 | OK | |||
r-release-windows-x86_64 | 1.4.1 | 15.00 | 200.00 | 215.00 | NOTE | |
r-oldrel-macos-arm64 | 1.4.1 | 99.00 | OK | |||
r-oldrel-macos-x86_64 | 1.4.1 | 116.00 | OK | |||
r-oldrel-windows-x86_64 | 1.4.1 | 16.00 | 198.00 | 214.00 | OK |
Version: 1.4.1
Check: CRAN incoming feasibility
Result: NOTE
Maintainer: ‘Karline Soetaert <karline.soetaert@nioz.nl>’
No Authors@R field in DESCRIPTION.
Please add one, modifying
Authors@R: person(given = "Karline",
family = "Soetaert",
role = c("aut", "cre"),
email = "karline.soetaert@nioz.nl")
as necessary.
Flavors: r-devel-linux-x86_64-debian-clang, r-devel-linux-x86_64-debian-gcc
Version: 1.4.1
Check: Rd cross-references
Result: NOTE
Found the following Rd file(s) with Rd \link{} targets missing package
anchors:
slice3D.Rd: computeContour3d
Please provide package anchors for all Rd \link{} targets not in the
package itself and the base packages.
Flavors: r-devel-linux-x86_64-debian-clang, r-devel-linux-x86_64-debian-gcc, r-devel-windows-x86_64, r-patched-linux-x86_64, r-release-linux-x86_64, r-release-windows-x86_64
These binaries (installable software) and packages are in development.
They may not be fully stable and should be used with caution. We make no claims about them.