CRAN Package Check Results for Package plotMElm

Last updated on 2025-05-22 09:51:49 CEST.

Flavor Version Tinstall Tcheck Ttotal Status Flags
r-devel-linux-x86_64-debian-clang 0.1.5 4.63 42.72 47.35 OK
r-devel-linux-x86_64-debian-gcc 0.1.5 3.27 30.84 34.11 OK
r-devel-linux-x86_64-fedora-clang 0.1.5 70.78 OK
r-devel-linux-x86_64-fedora-gcc 0.1.5 67.58 OK
r-devel-windows-x86_64 0.1.5 7.00 58.00 65.00 OK
r-patched-linux-x86_64 0.1.5 4.39 39.11 43.50 OK
r-release-linux-x86_64 0.1.5 4.23 38.49 42.72 OK
r-release-macos-arm64 0.1.5 24.00 OK
r-release-macos-x86_64 0.1.5 36.00 OK
r-release-windows-x86_64 0.1.5 7.00 56.00 63.00 OK
r-oldrel-macos-arm64 0.1.5 24.00 NOTE
r-oldrel-macos-x86_64 0.1.5 34.00 NOTE
r-oldrel-windows-x86_64 0.1.5 8.00 66.00 74.00 NOTE

Check Details

Version: 0.1.5
Check: LazyData
Result: NOTE 'LazyData' is specified without a 'data' directory Flavors: r-oldrel-macos-arm64, r-oldrel-macos-x86_64, r-oldrel-windows-x86_64

These binaries (installable software) and packages are in development.
They may not be fully stable and should be used with caution. We make no claims about them.