Last updated on 2025-10-23 11:50:23 CEST.
Flavor | Version | Tinstall | Tcheck | Ttotal | Status | Flags |
---|---|---|---|---|---|---|
r-devel-linux-x86_64-debian-clang | 2.3.3 | 6.38 | 117.48 | 123.86 | NOTE | |
r-devel-linux-x86_64-debian-gcc | 2.3.3 | 4.60 | 84.59 | 89.19 | OK | |
r-devel-linux-x86_64-fedora-clang | 2.3.3 | 14.00 | 171.62 | 185.62 | OK | |
r-devel-linux-x86_64-fedora-gcc | 2.3.3 | 14.00 | 185.82 | 199.82 | OK | |
r-devel-windows-x86_64 | 2.3.3 | 9.00 | 116.00 | 125.00 | OK | |
r-patched-linux-x86_64 | 2.3.3 | 6.46 | 108.98 | 115.44 | OK | |
r-release-linux-x86_64 | 2.3.3 | 5.41 | 110.79 | 116.20 | OK | |
r-release-macos-arm64 | 2.3.3 | 3.00 | 52.00 | 55.00 | OK | |
r-release-macos-x86_64 | 2.3.3 | 6.00 | 98.00 | 104.00 | OK | |
r-release-windows-x86_64 | 2.3.3 | 10.00 | 116.00 | 126.00 | OK | |
r-oldrel-macos-arm64 | 2.3.3 | 3.00 | 54.00 | 57.00 | OK | |
r-oldrel-macos-x86_64 | 2.3.3 | 6.00 | 108.00 | 114.00 | OK | |
r-oldrel-windows-x86_64 | 2.3.3 | 12.00 | 143.00 | 155.00 | OK |
Version: 2.3.3
Check: HTML version of manual
Result: NOTE
Found the following HTML validation problems:
direct_label.html:77:1 (direct_label.Rd:31): Warning: missing </ul> before </div>
roc_key.html:54:1 (roc_key.Rd:14): Warning: missing </ul> before </div>
Flavor: r-devel-linux-x86_64-debian-clang
These binaries (installable software) and packages are in development.
They may not be fully stable and should be used with caution. We make no claims about them.