Last updated on 2025-05-08 04:52:14 CEST.
Flavor | Version | Tinstall | Tcheck | Ttotal | Status | Flags |
---|---|---|---|---|---|---|
r-devel-linux-x86_64-debian-clang | 2.4 | 14.20 | 72.78 | 86.98 | OK | |
r-devel-linux-x86_64-debian-gcc | 2.4 | 9.36 | 51.96 | 61.32 | OK | |
r-devel-linux-x86_64-fedora-clang | 2.4 | 128.46 | OK | |||
r-devel-linux-x86_64-fedora-gcc | 2.4 | 125.64 | OK | |||
r-devel-windows-x86_64 | 2.4 | 19.00 | 91.00 | 110.00 | OK | |
r-patched-linux-x86_64 | 2.4 | 14.14 | 66.55 | 80.69 | OK | |
r-release-linux-x86_64 | 2.4 | 12.78 | 65.67 | 78.45 | OK | |
r-release-macos-arm64 | 2.4 | 39.00 | OK | |||
r-release-macos-x86_64 | 2.4 | 66.00 | OK | |||
r-release-windows-x86_64 | 2.4 | 19.00 | 94.00 | 113.00 | OK | |
r-oldrel-macos-arm64 | 2.4 | 39.00 | NOTE | |||
r-oldrel-macos-x86_64 | 2.4 | 59.00 | NOTE | |||
r-oldrel-windows-x86_64 | 2.4 | 22.00 | 116.00 | 138.00 | NOTE |
Version: 2.4
Check: LazyData
Result: NOTE
'LazyData' is specified without a 'data' directory
Flavors: r-oldrel-macos-arm64, r-oldrel-macos-x86_64, r-oldrel-windows-x86_64
These binaries (installable software) and packages are in development.
They may not be fully stable and should be used with caution. We make no claims about them.