Last updated on 2025-02-16 08:50:57 CET.
Flavor | Version | Tinstall | Tcheck | Ttotal | Status | Flags |
---|---|---|---|---|---|---|
r-devel-linux-x86_64-debian-clang | 2.4 | 13.35 | 67.07 | 80.42 | OK | |
r-devel-linux-x86_64-debian-gcc | 2.4 | 8.47 | 49.12 | 57.59 | OK | |
r-devel-linux-x86_64-fedora-clang | 2.4 | 126.50 | OK | |||
r-devel-linux-x86_64-fedora-gcc | 2.4 | 119.49 | OK | |||
r-devel-macos-arm64 | 2.4 | 38.00 | OK | |||
r-devel-macos-x86_64 | 2.4 | 71.00 | OK | |||
r-devel-windows-x86_64 | 2.4 | 19.00 | 93.00 | 112.00 | OK | |
r-patched-linux-x86_64 | 2.4 | 12.43 | 60.39 | 72.82 | NOTE | |
r-release-linux-x86_64 | 2.4 | 13.17 | 60.27 | 73.44 | NOTE | |
r-release-macos-arm64 | 2.4 | 39.00 | NOTE | |||
r-release-macos-x86_64 | 2.4 | 59.00 | NOTE | |||
r-release-windows-x86_64 | 2.4 | 18.00 | 98.00 | 116.00 | NOTE | |
r-oldrel-macos-arm64 | 2.4 | 44.00 | NOTE | |||
r-oldrel-macos-x86_64 | 2.4 | 63.00 | NOTE | |||
r-oldrel-windows-x86_64 | 2.4 | 21.00 | 106.00 | 127.00 | NOTE |
Version: 2.4
Check: LazyData
Result: NOTE
'LazyData' is specified without a 'data' directory
Flavors: r-patched-linux-x86_64, r-release-linux-x86_64, r-release-macos-arm64, r-release-macos-x86_64, r-release-windows-x86_64, r-oldrel-macos-arm64, r-oldrel-macos-x86_64, r-oldrel-windows-x86_64
These binaries (installable software) and packages are in development.
They may not be fully stable and should be used with caution. We make no claims about them.