Last updated on 2025-02-16 08:50:57 CET.
Flavor | Version | Tinstall | Tcheck | Ttotal | Status | Flags |
---|---|---|---|---|---|---|
r-devel-linux-x86_64-debian-clang | 1.4 | 4.23 | 38.69 | 42.92 | NOTE | |
r-devel-linux-x86_64-debian-gcc | 1.4 | 3.30 | 28.14 | 31.44 | NOTE | |
r-devel-linux-x86_64-fedora-clang | 1.4 | 72.07 | NOTE | |||
r-devel-linux-x86_64-fedora-gcc | 1.4 | 97.00 | NOTE | |||
r-devel-macos-arm64 | 1.4 | 33.00 | NOTE | |||
r-devel-macos-x86_64 | 1.4 | 91.00 | NOTE | |||
r-devel-windows-x86_64 | 1.4 | 6.00 | 67.00 | 73.00 | NOTE | |
r-patched-linux-x86_64 | 1.4 | 6.44 | 37.23 | 43.67 | NOTE | |
r-release-linux-x86_64 | 1.4 | 4.84 | 36.88 | 41.72 | NOTE | |
r-release-macos-arm64 | 1.4 | 37.00 | NOTE | |||
r-release-macos-x86_64 | 1.4 | 53.00 | NOTE | |||
r-release-windows-x86_64 | 1.4 | 6.00 | 64.00 | 70.00 | NOTE | |
r-oldrel-macos-arm64 | 1.4 | 31.00 | OK | |||
r-oldrel-macos-x86_64 | 1.4 | 48.00 | OK | |||
r-oldrel-windows-x86_64 | 1.4 | 8.00 | 83.00 | 91.00 | OK |
Version: 1.4
Check: Rd files
Result: NOTE
checkRd: (-1) add_bars.Rd:15: Lost braces
15 | When \\code{y0} is not specified, the lowest value of the y-axis is used.}
| ^
checkRd: (-1) add_bars.Rd:24: Lost braces
24 | \\code{\\link[graphics]{par}}.}
| ^
checkRd: (-1) add_bars.Rd:24: Lost braces
24 | \\code{\\link[graphics]{par}}.}
| ^
Flavors: r-devel-linux-x86_64-debian-clang, r-devel-linux-x86_64-debian-gcc, r-devel-linux-x86_64-fedora-clang, r-devel-linux-x86_64-fedora-gcc, r-devel-macos-arm64, r-devel-macos-x86_64, r-devel-windows-x86_64, r-patched-linux-x86_64, r-release-linux-x86_64, r-release-macos-arm64, r-release-macos-x86_64, r-release-windows-x86_64
These binaries (installable software) and packages are in development.
They may not be fully stable and should be used with caution. We make no claims about them.