Last updated on 2025-05-01 14:49:18 CEST.
Flavor | Version | Tinstall | Tcheck | Ttotal | Status | Flags |
---|---|---|---|---|---|---|
r-devel-linux-x86_64-debian-clang | 1.1.1 | 7.68 | 153.23 | 160.91 | NOTE | |
r-devel-linux-x86_64-debian-gcc | 1.1.1 | 4.70 | 105.27 | 109.97 | NOTE | |
r-devel-linux-x86_64-fedora-clang | 1.1.1 | 233.30 | NOTE | |||
r-devel-linux-x86_64-fedora-gcc | 1.1.1 | 238.61 | NOTE | |||
r-devel-windows-x86_64 | 1.1.1 | 9.00 | 161.00 | 170.00 | NOTE | |
r-patched-linux-x86_64 | 1.1.1 | 7.80 | 142.81 | 150.61 | NOTE | |
r-release-linux-x86_64 | NOTE | |||||
r-release-macos-arm64 | 1.1.1 | 100.00 | NOTE | |||
r-release-macos-x86_64 | 1.1.1 | 142.00 | NOTE | |||
r-release-windows-x86_64 | 1.1.1 | 8.00 | 164.00 | 172.00 | NOTE | |
r-oldrel-macos-arm64 | 1.1.1 | 74.00 | NOTE | |||
r-oldrel-macos-x86_64 | 1.1.1 | 132.00 | NOTE | |||
r-oldrel-windows-x86_64 | 1.1.1 | 11.00 | 193.00 | 204.00 | NOTE |
Version: 1.1.1
Check: Rd files
Result: NOTE
checkRd: (-1) plotluck.Rd:129: Lost braces
129 | in factors are are shown as a special factor level code{"?"}. They can be
| ^
Flavors: r-devel-linux-x86_64-debian-clang, r-devel-linux-x86_64-debian-gcc, r-devel-linux-x86_64-fedora-clang, r-devel-linux-x86_64-fedora-gcc, r-devel-windows-x86_64, r-patched-linux-x86_64, r-release-linux-x86_64, r-release-macos-arm64, r-release-macos-x86_64, r-release-windows-x86_64, r-oldrel-macos-arm64, r-oldrel-macos-x86_64, r-oldrel-windows-x86_64
Version: 1.1.1
Check: examples
Result: NOTE
Examples with CPU (user + system) or elapsed time > 5s
user system elapsed
plotluck 6.686 0.52 8.656
Flavor: r-devel-linux-x86_64-debian-clang
Version: 1.1.1
Check: examples
Result: NA
user system elapsed
plotluck 4.235 0.323 5.285
OK
Flavor: r-devel-linux-x86_64-debian-gcc
Version: 1.1.1
Check: dependencies in R code
Result: NOTE
Namespaces in Imports field not imported from:
‘hexbin’ ‘quantreg’
All declared Imports should be used.
Flavors: r-devel-linux-x86_64-fedora-clang, r-devel-linux-x86_64-fedora-gcc
Version: 1.1.1
Check: LazyData
Result: NOTE
'LazyData' is specified without a 'data' directory
Flavors: r-oldrel-macos-arm64, r-oldrel-macos-x86_64, r-oldrel-windows-x86_64
These binaries (installable software) and packages are in development.
They may not be fully stable and should be used with caution. We make no claims about them.