CRAN Package Check Results for Package plotly

Last updated on 2025-05-28 19:53:07 CEST.

Flavor Version Tinstall Tcheck Ttotal Status Flags
r-devel-linux-x86_64-debian-clang 4.10.4 16.76 218.31 235.07 NOTE
r-devel-linux-x86_64-debian-gcc 4.10.4 11.51 141.37 152.88 NOTE
r-devel-linux-x86_64-fedora-clang 4.10.4 353.30 OK
r-devel-linux-x86_64-fedora-gcc 4.10.4 343.09 OK
r-devel-windows-x86_64 4.10.4 23.00 198.00 221.00 OK
r-patched-linux-x86_64 4.10.4 18.44 199.82 218.26 NOTE
r-release-linux-x86_64 4.10.4 17.43 201.47 218.90 NOTE
r-release-macos-arm64 4.10.4 97.00 OK
r-release-macos-x86_64 4.10.4 200.00 OK
r-release-windows-x86_64 4.10.4 23.00 196.00 219.00 OK
r-oldrel-macos-arm64 4.10.4 97.00 NOTE
r-oldrel-macos-x86_64 4.10.4 149.00 NOTE
r-oldrel-windows-x86_64 4.10.4 27.00 258.00 285.00 NOTE

Check Details

Version: 4.10.4
Check: for unstated dependencies in ‘demo’
Result: NOTE '::' or ':::' imports not declared from: ‘DT’ ‘geojsonio’ 'library' or 'require' calls not declared from: ‘gapminder’ ‘leaflet’ ‘tourr’ Flavors: r-devel-linux-x86_64-debian-clang, r-devel-linux-x86_64-debian-gcc, r-patched-linux-x86_64, r-release-linux-x86_64

Version: 4.10.4
Check: installed package size
Result: NOTE installed size is 7.0Mb sub-directories of 1Mb or more: R 1.0Mb htmlwidgets 4.0Mb Flavors: r-oldrel-macos-arm64, r-oldrel-macos-x86_64, r-oldrel-windows-x86_64

These binaries (installable software) and packages are in development.
They may not be fully stable and should be used with caution. We make no claims about them.