Last updated on 2025-10-23 11:50:23 CEST.
| Flavor | Version | Tinstall | Tcheck | Ttotal | Status | Flags |
|---|---|---|---|---|---|---|
| r-devel-linux-x86_64-debian-clang | 4.11.0 | 15.58 | 340.31 | 355.89 | NOTE | |
| r-devel-linux-x86_64-debian-gcc | 4.11.0 | 9.61 | 215.44 | 225.05 | OK | |
| r-devel-linux-x86_64-fedora-clang | 4.11.0 | 132.00 | 458.19 | 590.19 | OK | |
| r-devel-linux-x86_64-fedora-gcc | 4.11.0 | 145.00 | 415.42 | 560.42 | OK | |
| r-devel-windows-x86_64 | 4.11.0 | 20.00 | 278.00 | 298.00 | OK | |
| r-patched-linux-x86_64 | 4.11.0 | 16.14 | 309.88 | 326.02 | OK | |
| r-release-linux-x86_64 | 4.11.0 | 16.96 | 314.63 | 331.59 | OK | |
| r-release-macos-arm64 | 4.11.0 | 8.00 | 100.00 | 108.00 | OK | |
| r-release-macos-x86_64 | 4.11.0 | 14.00 | 179.00 | 193.00 | OK | |
| r-release-windows-x86_64 | 4.11.0 | 23.00 | 281.00 | 304.00 | OK | |
| r-oldrel-macos-arm64 | 4.11.0 | 6.00 | 97.00 | 103.00 | NOTE | |
| r-oldrel-macos-x86_64 | 4.11.0 | 12.00 | 192.00 | 204.00 | NOTE | |
| r-oldrel-windows-x86_64 | 4.11.0 | 27.00 | 370.00 | 397.00 | NOTE |
Version: 4.11.0
Check: HTML version of manual
Result: NOTE
Found the following HTML validation problems:
add_fun.html:56:1 (add_fun.Rd:15): Warning: missing </ul> before </div>
as.widget.html:52:1 (as.widget.Rd:12): Warning: missing </ul> before </div>
geom2trace.html:57:1 (geom2trace.Rd:14): Warning: missing </ul> before </div>
get_figure.html:50:1 (get_figure.Rd:12): Warning: missing </ul> before </div>
plotly-shiny.html:92:1 (plotly-shiny.Rd:43): Warning: missing </ul> before </div>
plotly_empty.html:46:1 (plotly_empty.Rd:10): Warning: missing </ul> before </div>
print.api.html:51:1 (print.api.Rd:12): Warning: missing </ul> before </div>
print.api_grid.html:51:1 (print.api_grid.Rd:12): Warning: missing </ul> before </div>
print.api_grid_local.html:51:1 (print.api_grid_local.Rd:12): Warning: missing </ul> before </div>
print.api_plot.html:51:1 (print.api_plot.Rd:12): Warning: missing </ul> before </div>
print.kaleidoScope.html:51:1 (print.kaleidoScope.Rd:12): Warning: missing </ul> before </div>
to_basic.html:69:1 (to_basic.Rd:20): Warning: missing </ul> before </div>
Flavor: r-devel-linux-x86_64-debian-clang
Version: 4.11.0
Check: installed package size
Result: NOTE
installed size is 7.7Mb
sub-directories of 1Mb or more:
R 1.0Mb
examples 1.4Mb
htmlwidgets 4.0Mb
Flavors: r-oldrel-macos-arm64, r-oldrel-macos-x86_64, r-oldrel-windows-x86_64
These binaries (installable software) and packages are in development.
They may not be fully stable and should be used with caution. We make no claims about them.