CRAN Package Check Results for Package plotlyGeoAssets

Last updated on 2025-04-16 03:50:24 CEST.

Flavor Version Tinstall Tcheck Ttotal Status Flags
r-devel-linux-x86_64-debian-clang 0.0.2 1.93 16.34 18.27 OK
r-devel-linux-x86_64-debian-gcc 0.0.2 1.40 14.19 15.59 OK
r-devel-linux-x86_64-fedora-clang 0.0.2 28.80 OK
r-devel-linux-x86_64-fedora-gcc 0.0.2 27.19 OK
r-devel-windows-x86_64 0.0.2 5.00 39.00 44.00 OK
r-patched-linux-x86_64 0.0.2 1.57 16.09 17.66 OK
r-release-linux-x86_64 0.0.2 1.57 16.24 17.81 OK
r-release-macos-arm64 0.0.2 15.00 OK
r-release-macos-x86_64 0.0.2 23.00 OK
r-release-windows-x86_64 0.0.2 5.00 40.00 45.00 OK
r-oldrel-macos-arm64 0.0.2 19.00 NOTE
r-oldrel-macos-x86_64 0.0.2 19.00 NOTE
r-oldrel-windows-x86_64 0.0.2 5.00 41.00 46.00 NOTE

Check Details

Version: 0.0.2
Check: LazyData
Result: NOTE 'LazyData' is specified without a 'data' directory Flavors: r-oldrel-macos-arm64, r-oldrel-macos-x86_64, r-oldrel-windows-x86_64

These binaries (installable software) and packages are in development.
They may not be fully stable and should be used with caution. We make no claims about them.