CRAN Package Check Results for Package plotlyGeoAssets

Last updated on 2025-07-25 01:49:35 CEST.

Flavor Version Tinstall Tcheck Ttotal Status Flags
r-devel-linux-x86_64-debian-clang 0.0.2 1.51 17.31 18.82 OK
r-devel-linux-x86_64-debian-gcc 0.0.2 1.33 14.90 16.23 OK
r-devel-linux-x86_64-fedora-clang 0.0.2 28.62 OK
r-devel-linux-x86_64-fedora-gcc 0.0.2 28.17 OK
r-devel-windows-x86_64 0.0.2 7.00 49.00 56.00 OK
r-patched-linux-x86_64 0.0.2 1.52 16.41 17.93 OK
r-release-linux-x86_64 0.0.2 1.41 16.22 17.63 OK
r-release-macos-arm64 0.0.2 15.00 OK
r-release-macos-x86_64 0.0.2 23.00 OK
r-release-windows-x86_64 0.0.2 6.00 41.00 47.00 OK
r-oldrel-macos-arm64 0.0.2 19.00 NOTE
r-oldrel-macos-x86_64 0.0.2 19.00 NOTE
r-oldrel-windows-x86_64 0.0.2 6.00 43.00 49.00 NOTE

Check Details

Version: 0.0.2
Check: LazyData
Result: NOTE 'LazyData' is specified without a 'data' directory Flavors: r-oldrel-macos-arm64, r-oldrel-macos-x86_64, r-oldrel-windows-x86_64

These binaries (installable software) and packages are in development.
They may not be fully stable and should be used with caution. We make no claims about them.