Last updated on 2025-11-11 15:50:43 CET.
| Flavor | Version | Tinstall | Tcheck | Ttotal | Status | Flags |
|---|---|---|---|---|---|---|
| r-devel-linux-x86_64-debian-clang | 1.0.4 | 2.05 | 22.33 | 24.38 | NOTE | |
| r-devel-linux-x86_64-debian-gcc | 1.0.4 | 1.57 | 17.62 | 19.19 | NOTE | |
| r-devel-linux-x86_64-fedora-clang | 1.0.4 | 36.10 | OK | |||
| r-devel-linux-x86_64-fedora-gcc | 1.0.4 | 34.09 | OK | |||
| r-devel-windows-x86_64 | 1.0.4 | 3.00 | 40.00 | 43.00 | OK | |
| r-patched-linux-x86_64 | 1.0.4 | 2.12 | 21.25 | 23.37 | OK | |
| r-release-linux-x86_64 | 1.0.4 | 1.98 | 21.05 | 23.03 | OK | |
| r-release-macos-arm64 | 1.0.4 | 1.00 | 15.00 | 16.00 | OK | |
| r-release-macos-x86_64 | 1.0.4 | 2.00 | 23.00 | 25.00 | OK | |
| r-release-windows-x86_64 | 1.0.4 | 3.00 | 41.00 | 44.00 | OK | |
| r-oldrel-macos-arm64 | 1.0.4 | 1.00 | 16.00 | 17.00 | OK | |
| r-oldrel-macos-x86_64 | 1.0.4 | 2.00 | 19.00 | 21.00 | OK | |
| r-oldrel-windows-x86_64 | 1.0.4 | 3.00 | 42.00 | 45.00 | OK |
Version: 1.0.4
Check: CRAN incoming feasibility
Result: NOTE
Maintainer: ‘Stephen Milborrow <milbo@sonic.net>’
No Authors@R field in DESCRIPTION.
Please add one, modifying
Authors@R: person(given = "Stephen",
family = "Milborrow",
role = c("aut", "cre"),
email = "milbo@sonic.net")
as necessary.
Flavors: r-devel-linux-x86_64-debian-clang, r-devel-linux-x86_64-debian-gcc
These binaries (installable software) and packages are in development.
They may not be fully stable and should be used with caution. We make no claims about them.