Last updated on 2025-05-03 22:50:03 CEST.
Flavor | Version | Tinstall | Tcheck | Ttotal | Status | Flags |
---|---|---|---|---|---|---|
r-devel-linux-x86_64-debian-clang | 0.1.6 | 2.03 | 44.84 | 46.87 | NOTE | |
r-devel-linux-x86_64-debian-gcc | 0.1.6 | 1.56 | 33.32 | 34.88 | NOTE | |
r-devel-linux-x86_64-fedora-clang | 0.1.6 | 74.11 | NOTE | |||
r-devel-linux-x86_64-fedora-gcc | 0.1.6 | 84.47 | NOTE | |||
r-devel-windows-x86_64 | 0.1.6 | 4.00 | 65.00 | 69.00 | OK | |
r-patched-linux-x86_64 | 0.1.6 | 2.36 | 42.48 | 44.84 | OK | |
r-release-linux-x86_64 | OK | |||||
r-release-macos-arm64 | 0.1.6 | 36.00 | OK | |||
r-release-macos-x86_64 | 0.1.6 | 56.00 | OK | |||
r-release-windows-x86_64 | 0.1.6 | 3.00 | 65.00 | 68.00 | OK | |
r-oldrel-macos-arm64 | 0.1.6 | 35.00 | NOTE | |||
r-oldrel-macos-x86_64 | 0.1.6 | 48.00 | NOTE | |||
r-oldrel-windows-x86_64 | 0.1.6 | 3.00 | 77.00 | 80.00 | NOTE |
Version: 0.1.6
Check: CRAN incoming feasibility
Result: NOTE
Maintainer: ‘Tim Bergsma <bergsmat@gmail.com>’
No Authors@R field in DESCRIPTION.
Please add one, modifying
Authors@R: person(given = "Tim",
family = "Bergsma",
role = c("aut", "cre"),
email = "bergsmat@gmail.com")
as necessary.
Flavors: r-devel-linux-x86_64-debian-clang, r-devel-linux-x86_64-debian-gcc
Version: 0.1.6
Check: dependencies in R code
Result: NOTE
Namespace in Imports field not imported from: ‘graphics’
All declared Imports should be used.
Flavors: r-devel-linux-x86_64-fedora-clang, r-devel-linux-x86_64-fedora-gcc
Version: 0.1.6
Check: LazyData
Result: NOTE
'LazyData' is specified without a 'data' directory
Flavors: r-oldrel-macos-arm64, r-oldrel-macos-x86_64, r-oldrel-windows-x86_64
These binaries (installable software) and packages are in development.
They may not be fully stable and should be used with caution. We make no claims about them.