Last updated on 2025-05-01 12:49:36 CEST.
Flavor | Version | Tinstall | Tcheck | Ttotal | Status | Flags |
---|---|---|---|---|---|---|
r-devel-linux-x86_64-debian-clang | 0.6.1 | 23.62 | 233.40 | 257.02 | NOTE | |
r-devel-linux-x86_64-debian-gcc | 0.6.1 | 14.71 | 153.34 | 168.05 | OK | |
r-devel-linux-x86_64-fedora-clang | 0.6.1 | 443.78 | OK | |||
r-devel-linux-x86_64-fedora-gcc | 0.6.1 | 370.89 | OK | |||
r-devel-windows-x86_64 | 0.6.1 | 26.00 | 229.00 | 255.00 | OK | |
r-patched-linux-x86_64 | 0.6.1 | 27.74 | 218.10 | 245.84 | OK | |
r-release-linux-x86_64 | OK | |||||
r-release-macos-arm64 | 0.6.1 | 93.00 | OK | |||
r-release-macos-x86_64 | 0.6.1 | 267.00 | OK | |||
r-release-windows-x86_64 | 0.6.1 | 25.00 | 228.00 | 253.00 | OK | |
r-oldrel-macos-arm64 | 0.6.1 | 102.00 | NOTE | |||
r-oldrel-macos-x86_64 | 0.6.1 | 222.00 | NOTE | |||
r-oldrel-windows-x86_64 | 0.6.1 | 31.00 | 299.00 | 330.00 | OK |
Version: 0.6.1
Check: examples
Result: NOTE
Examples with CPU (user + system) or elapsed time > 5s
user system elapsed
enrichmap1 9.694 0.071 12.662
dotplot 9.360 0.009 14.087
ClustreePlot 8.758 0.220 11.084
densityhistoplot 6.619 0.015 8.973
PieChart 6.460 0.039 7.391
ROCCurve 5.672 0.021 8.078
radarplot 5.172 0.004 6.023
QQPlot 4.709 0.078 5.897
CorPlot 4.585 0.097 5.708
LinePlot 4.626 0.012 5.518
RidgePlot 4.456 0.003 5.703
Flavor: r-devel-linux-x86_64-debian-clang
Version: 0.6.1
Check: examples
Result: NA
user system elapsed
enrichmap1 7.001 0.071 9.420
dotplot 5.808 0.080 7.774
ClustreePlot 5.535 0.146 6.323
densityhistoplot 4.262 0.016 5.893
OK
Flavor: r-devel-linux-x86_64-debian-gcc
Version: 0.6.1
Check: package dependencies
Result: NOTE
Package suggested but not available for checking: ‘ggmanh’
Flavors: r-oldrel-macos-arm64, r-oldrel-macos-x86_64
Version: 0.6.1
Check: Rd cross-references
Result: NOTE
Package unavailable to check Rd xrefs: ‘ggmanh’
Flavors: r-oldrel-macos-arm64, r-oldrel-macos-x86_64
These binaries (installable software) and packages are in development.
They may not be fully stable and should be used with caution. We make no claims about them.