CRAN Package Check Results for Package plotwidgets

Last updated on 2025-07-02 01:51:46 CEST.

Flavor Version Tinstall Tcheck Ttotal Status Flags
r-devel-linux-x86_64-debian-clang 0.5.1 2.39 23.09 25.48 NOTE
r-devel-linux-x86_64-debian-gcc 0.5.1 2.07 17.98 20.05 NOTE
r-devel-linux-x86_64-fedora-clang 0.5.1 39.65 OK
r-devel-linux-x86_64-fedora-gcc 0.5.1 37.63 OK
r-devel-windows-x86_64 0.5.1 4.00 44.00 48.00 OK
r-patched-linux-x86_64 OK
r-release-linux-x86_64 0.5.1 2.32 21.89 24.21 OK
r-release-macos-arm64 0.5.1 17.00 OK
r-release-macos-x86_64 0.5.1 29.00 OK
r-release-windows-x86_64 0.5.1 3.00 43.00 46.00 OK
r-oldrel-macos-arm64 0.5.1 22.00 OK
r-oldrel-macos-x86_64 0.5.1 24.00 OK
r-oldrel-windows-x86_64 0.5.1 8.00 49.00 57.00 OK

Check Details

Version: 0.5.1
Check: CRAN incoming feasibility
Result: NOTE Maintainer: ‘January Weiner <january.weiner@gmail.com>’ No Authors@R field in DESCRIPTION. Please add one, modifying Authors@R: person(given = "January", family = "Weiner", role = c("aut", "cre"), email = "january.weiner@gmail.com") as necessary. Flavors: r-devel-linux-x86_64-debian-clang, r-devel-linux-x86_64-debian-gcc

These binaries (installable software) and packages are in development.
They may not be fully stable and should be used with caution. We make no claims about them.