Last updated on 2025-02-16 08:50:57 CET.
Flavor | Version | Tinstall | Tcheck | Ttotal | Status | Flags |
---|---|---|---|---|---|---|
r-devel-linux-x86_64-debian-clang | 1.5.1 | 27.98 | 205.69 | 233.67 | NOTE | |
r-devel-linux-x86_64-debian-gcc | 1.5.1 | 18.67 | 133.34 | 152.01 | NOTE | |
r-devel-linux-x86_64-fedora-clang | 1.5.1 | 382.80 | OK | |||
r-devel-linux-x86_64-fedora-gcc | 1.5.1 | 364.94 | OK | |||
r-devel-macos-arm64 | 1.5.1 | 95.00 | OK | |||
r-devel-macos-x86_64 | 1.5.1 | 194.00 | OK | |||
r-devel-windows-x86_64 | 1.5.1 | 30.00 | 201.00 | 231.00 | NOTE | |
r-patched-linux-x86_64 | 1.5.1 | 39.99 | 188.16 | 228.15 | OK | |
r-release-linux-x86_64 | 1.5.1 | 29.66 | 188.27 | 217.93 | OK | |
r-release-macos-arm64 | 1.5.1 | 90.00 | OK | |||
r-release-macos-x86_64 | 1.5.1 | 144.00 | OK | |||
r-release-windows-x86_64 | 1.5.1 | 31.00 | 202.00 | 233.00 | OK | |
r-oldrel-macos-arm64 | 1.5.1 | 93.00 | OK | |||
r-oldrel-macos-x86_64 | 1.5.1 | 170.00 | OK | |||
r-oldrel-windows-x86_64 | 1.5.1 | 39.00 | 242.00 | 281.00 | OK |
Version: 1.5.1
Check: Rd cross-references
Result: NOTE
Found the following Rd file(s) with Rd \link{} targets missing package
anchors:
signpred.Rd: visweb
Please provide package anchors for all Rd \link{} targets not in the
package itself and the base packages.
Flavors: r-devel-linux-x86_64-debian-clang, r-devel-linux-x86_64-debian-gcc, r-devel-windows-x86_64
Version: 1.5.1
Check: for unstated dependencies in ‘demo’
Result: NOTE
'library' or 'require' calls not declared from:
‘plsRcox’ ‘plspm’
Flavors: r-devel-linux-x86_64-debian-clang, r-devel-linux-x86_64-debian-gcc
These binaries (installable software) and packages are in development.
They may not be fully stable and should be used with caution. We make no claims about them.