Last updated on 2025-11-12 18:50:41 CET.
| Flavor | Version | Tinstall | Tcheck | Ttotal | Status | Flags |
|---|---|---|---|---|---|---|
| r-devel-linux-x86_64-debian-clang | 1.6.0 | 30.70 | 214.13 | 244.83 | NOTE | |
| r-devel-linux-x86_64-debian-gcc | 1.6.0 | 19.02 | 138.09 | 157.11 | NOTE | |
| r-devel-linux-x86_64-fedora-clang | 1.6.0 | 66.00 | 321.08 | 387.08 | NOTE | |
| r-devel-linux-x86_64-fedora-gcc | 1.6.0 | 68.00 | 308.26 | 376.26 | NOTE | |
| r-devel-windows-x86_64 | 1.6.0 | 32.00 | 204.00 | 236.00 | NOTE | |
| r-patched-linux-x86_64 | 1.6.0 | 31.15 | 201.39 | 232.54 | OK | |
| r-release-linux-x86_64 | 1.6.0 | 28.29 | 202.08 | 230.37 | OK | |
| r-release-macos-arm64 | 1.6.0 | 13.00 | 79.00 | 92.00 | OK | |
| r-release-macos-x86_64 | 1.6.0 | 30.00 | 178.00 | 208.00 | OK | |
| r-release-windows-x86_64 | 1.6.0 | 31.00 | 206.00 | 237.00 | OK | |
| r-oldrel-macos-arm64 | 1.6.0 | 12.00 | 80.00 | 92.00 | OK | |
| r-oldrel-macos-x86_64 | 1.6.0 | 33.00 | 194.00 | 227.00 | OK | |
| r-oldrel-windows-x86_64 | 1.6.0 | 42.00 | 273.00 | 315.00 | OK |
Version: 1.6.0
Check: Rd files
Result: NOTE
checkRd: (-1) simul_data_YX.Rd:32-33: Only 3 columns allowed in this table (row 1 has 2)
checkRd: (-1) simul_data_YX.Rd:32-33: Only 3 columns allowed in this table (row 2 has 2)
checkRd: (-1) simul_data_YX.Rd:32-33: Only 3 columns allowed in this table (row 3 has 2)
checkRd: (-1) simul_data_YX.Rd:32-33: Only 3 columns allowed in this table (row 4 has 2)
Flavors: r-devel-linux-x86_64-debian-clang, r-devel-linux-x86_64-debian-gcc, r-devel-linux-x86_64-fedora-clang, r-devel-linux-x86_64-fedora-gcc, r-devel-windows-x86_64
These binaries (installable software) and packages are in development.
They may not be fully stable and should be used with caution. We make no claims about them.