Last updated on 2025-11-12 18:50:41 CET.
| Flavor | Version | Tinstall | Tcheck | Ttotal | Status | Flags |
|---|---|---|---|---|---|---|
| r-devel-linux-x86_64-debian-clang | 0.9.13 | 8.28 | 62.50 | 70.78 | OK | |
| r-devel-linux-x86_64-debian-gcc | 0.9.13 | 5.38 | 44.20 | 49.58 | OK | |
| r-devel-linux-x86_64-fedora-clang | 0.9.13 | 57.00 | 56.43 | 113.43 | OK | |
| r-devel-linux-x86_64-fedora-gcc | 0.9.13 | 32.00 | 78.08 | 110.08 | OK | |
| r-devel-windows-x86_64 | 0.9.13 | 9.00 | 74.00 | 83.00 | OK | |
| r-patched-linux-x86_64 | 0.9.13 | 9.25 | 59.01 | 68.26 | OK | |
| r-release-linux-x86_64 | 0.9.13 | 8.30 | 58.60 | 66.90 | OK | |
| r-release-macos-arm64 | 0.9.13 | 4.00 | 32.00 | 36.00 | OK | |
| r-release-macos-x86_64 | 0.9.13 | 7.00 | 48.00 | 55.00 | OK | |
| r-release-windows-x86_64 | 0.9.13 | 9.00 | 73.00 | 82.00 | OK | |
| r-oldrel-macos-arm64 | 0.9.13 | 3.00 | 32.00 | 35.00 | NOTE | |
| r-oldrel-macos-x86_64 | 0.9.13 | 7.00 | 70.00 | 77.00 | NOTE | |
| r-oldrel-windows-x86_64 | 0.9.13 | 13.00 | 87.00 | 100.00 | OK |
Version: 0.9.13
Check: package dependencies
Result: NOTE
Package suggested but not available for checking: ‘Rmpi’
Flavors: r-oldrel-macos-arm64, r-oldrel-macos-x86_64
These binaries (installable software) and packages are in development.
They may not be fully stable and should be used with caution. We make no claims about them.