Last updated on 2025-05-01 14:49:18 CEST.
Flavor | Version | Tinstall | Tcheck | Ttotal | Status | Flags |
---|---|---|---|---|---|---|
r-devel-linux-x86_64-debian-clang | 0.9.13 | 9.33 | 61.03 | 70.36 | OK | |
r-devel-linux-x86_64-debian-gcc | 0.9.13 | 5.97 | 43.32 | 49.29 | OK | |
r-devel-linux-x86_64-fedora-clang | 0.9.13 | 108.76 | OK | |||
r-devel-linux-x86_64-fedora-gcc | 0.9.13 | 102.79 | OK | |||
r-devel-windows-x86_64 | 0.9.13 | 10.00 | 80.00 | 90.00 | OK | |
r-patched-linux-x86_64 | 0.9.13 | 9.41 | 56.80 | 66.21 | OK | |
r-release-linux-x86_64 | OK | |||||
r-release-macos-arm64 | 0.9.13 | 36.00 | OK | |||
r-release-macos-x86_64 | 0.9.13 | 55.00 | OK | |||
r-release-windows-x86_64 | 0.9.13 | 10.00 | 82.00 | 92.00 | OK | |
r-oldrel-macos-arm64 | 0.9.13 | 35.00 | NOTE | |||
r-oldrel-macos-x86_64 | 0.9.13 | 77.00 | NOTE | |||
r-oldrel-windows-x86_64 | 0.9.13 | 11.00 | 91.00 | 102.00 | OK |
Version: 0.9.13
Check: package dependencies
Result: NOTE
Package suggested but not available for checking: ‘Rmpi’
Flavors: r-oldrel-macos-arm64, r-oldrel-macos-x86_64
These binaries (installable software) and packages are in development.
They may not be fully stable and should be used with caution. We make no claims about them.