CRAN Package Check Results for Package plsVarSel

Last updated on 2025-07-26 01:50:59 CEST.

Flavor Version Tinstall Tcheck Ttotal Status Flags
r-devel-linux-x86_64-debian-clang 0.9.13 8.29 61.47 69.76 OK
r-devel-linux-x86_64-debian-gcc 0.9.13 5.75 44.33 50.08 OK
r-devel-linux-x86_64-fedora-clang 0.9.13 105.83 OK
r-devel-linux-x86_64-fedora-gcc 0.9.13 101.60 OK
r-devel-windows-x86_64 0.9.13 10.00 85.00 95.00 OK
r-patched-linux-x86_64 0.9.13 9.06 58.12 67.18 OK
r-release-linux-x86_64 0.9.13 7.51 56.48 63.99 OK
r-release-macos-arm64 0.9.13 36.00 OK
r-release-macos-x86_64 0.9.13 55.00 OK
r-release-windows-x86_64 0.9.13 9.00 91.00 100.00 OK
r-oldrel-macos-arm64 0.9.13 35.00 NOTE
r-oldrel-macos-x86_64 0.9.13 77.00 NOTE
r-oldrel-windows-x86_64 0.9.13 13.00 90.00 103.00 OK

Check Details

Version: 0.9.13
Check: package dependencies
Result: NOTE Package suggested but not available for checking: ‘Rmpi’ Flavors: r-oldrel-macos-arm64, r-oldrel-macos-x86_64

These binaries (installable software) and packages are in development.
They may not be fully stable and should be used with caution. We make no claims about them.