CRAN Package Check Results for Package plspm

Last updated on 2025-05-22 03:50:45 CEST.

Flavor Version Tinstall Tcheck Ttotal Status Flags
r-devel-linux-x86_64-debian-clang 0.5.1 6.41 60.38 66.79 NOTE
r-devel-linux-x86_64-debian-gcc 0.5.1 4.02 43.78 47.80 NOTE
r-devel-linux-x86_64-fedora-clang 0.5.1 108.40 OK
r-devel-linux-x86_64-fedora-gcc 0.5.1 113.25 OK
r-devel-windows-x86_64 0.5.1 8.00 101.00 109.00 NOTE
r-patched-linux-x86_64 0.5.1 8.13 58.07 66.20 NOTE
r-release-linux-x86_64 0.5.1 5.57 57.43 63.00 NOTE
r-release-macos-arm64 0.5.1 49.00 OK
r-release-macos-x86_64 0.5.1 83.00 OK
r-release-windows-x86_64 0.5.1 8.00 101.00 109.00 NOTE
r-oldrel-macos-arm64 0.5.1 36.00 OK
r-oldrel-macos-x86_64 0.5.1 84.00 OK
r-oldrel-windows-x86_64 0.5.1 10.00 111.00 121.00 OK

Check Details

Version: 0.5.1
Check: Rd cross-references
Result: NOTE Found the following Rd file(s) with Rd \link{} targets missing package anchors: innerplot.Rd: plotmat outerplot.Rd: plotmat plot.plspm.Rd: plotmat Please provide package anchors for all Rd \link{} targets not in the package itself and the base packages. Flavors: r-devel-linux-x86_64-debian-clang, r-devel-linux-x86_64-debian-gcc, r-devel-windows-x86_64, r-patched-linux-x86_64, r-release-linux-x86_64, r-release-windows-x86_64

These binaries (installable software) and packages are in development.
They may not be fully stable and should be used with caution. We make no claims about them.