Last updated on 2025-10-23 17:50:57 CEST.
Flavor | Version | Tinstall | Tcheck | Ttotal | Status | Flags |
---|---|---|---|---|---|---|
r-devel-linux-x86_64-debian-clang | 0.6.0 | 5.86 | 67.97 | 73.83 | NOTE | |
r-devel-linux-x86_64-debian-gcc | 0.6.0 | 4.59 | 49.17 | 53.76 | OK | |
r-devel-linux-x86_64-fedora-clang | 0.6.0 | 14.00 | 95.75 | 109.75 | OK | |
r-devel-linux-x86_64-fedora-gcc | 0.6.0 | 13.00 | 106.56 | 119.56 | OK | |
r-devel-windows-x86_64 | 0.6.0 | 8.00 | 102.00 | 110.00 | OK | |
r-patched-linux-x86_64 | 0.6.0 | 7.05 | 64.15 | 71.20 | OK | |
r-release-linux-x86_64 | 0.6.0 | 6.30 | 62.71 | 69.01 | OK | |
r-release-macos-arm64 | 0.6.0 | 3.00 | 38.00 | 41.00 | OK | |
r-release-macos-x86_64 | 0.6.0 | 14.00 | 125.00 | 139.00 | OK | |
r-release-windows-x86_64 | 0.6.0 | 8.00 | 102.00 | 110.00 | OK | |
r-oldrel-macos-arm64 | 0.6.0 | 3.00 | 41.00 | 44.00 | OK | |
r-oldrel-macos-x86_64 | 0.6.0 | 9.00 | 111.00 | 120.00 | OK | |
r-oldrel-windows-x86_64 | 0.6.0 | 12.00 | 113.00 | 125.00 | OK |
Version: 0.6.0
Check: HTML version of manual
Result: NOTE
Found the following HTML validation problems:
get_GQI.html:55:1 (get_GQI.Rd:13): Warning: missing </ul> before </div>
Flavor: r-devel-linux-x86_64-debian-clang
These binaries (installable software) and packages are in development.
They may not be fully stable and should be used with caution. We make no claims about them.