Last updated on 2025-11-12 12:53:18 CET.
| Flavor | Version | Tinstall | Tcheck | Ttotal | Status | Flags |
|---|---|---|---|---|---|---|
| r-devel-linux-x86_64-debian-clang | 0.3.0 | 6.15 | 37.97 | 44.12 | NOTE | |
| r-devel-linux-x86_64-debian-gcc | 0.3.0 | 5.46 | 29.49 | 34.95 | NOTE | |
| r-devel-linux-x86_64-fedora-clang | 0.3.0 | 12.00 | 52.24 | 64.24 | NOTE | |
| r-devel-linux-x86_64-fedora-gcc | 0.3.0 | 15.00 | 46.76 | 61.76 | NOTE | |
| r-devel-windows-x86_64 | 0.3.0 | 8.00 | 53.00 | 61.00 | NOTE | |
| r-patched-linux-x86_64 | 0.3.0 | 7.04 | 35.07 | 42.11 | NOTE | |
| r-release-linux-x86_64 | 0.3.0 | 6.86 | 35.37 | 42.23 | NOTE | |
| r-release-macos-arm64 | 0.3.0 | 5.00 | 24.00 | 29.00 | NOTE | |
| r-release-macos-x86_64 | 0.3.0 | 7.00 | 37.00 | 44.00 | NOTE | |
| r-release-windows-x86_64 | 0.3.0 | 10.00 | 53.00 | 63.00 | NOTE | |
| r-oldrel-macos-arm64 | 0.3.0 | 5.00 | 21.00 | 26.00 | NOTE | |
| r-oldrel-macos-x86_64 | 0.3.0 | 6.00 | 28.00 | 34.00 | NOTE | |
| r-oldrel-windows-x86_64 | 0.3.0 | 10.00 | 64.00 | 74.00 | NOTE |
Version: 0.3.0
Check: Rd files
Result: NOTE
checkRd: (-1) plu_more.Rd:16: Lost braces; missing escapes or markup?
16 | Additional arguments are replaced with "{n} more".
| ^
Flavors: r-devel-linux-x86_64-debian-clang, r-devel-linux-x86_64-debian-gcc, r-devel-linux-x86_64-fedora-clang, r-devel-linux-x86_64-fedora-gcc, r-devel-windows-x86_64, r-patched-linux-x86_64, r-release-linux-x86_64, r-release-macos-arm64, r-release-macos-x86_64, r-release-windows-x86_64, r-oldrel-macos-arm64, r-oldrel-macos-x86_64, r-oldrel-windows-x86_64
These binaries (installable software) and packages are in development.
They may not be fully stable and should be used with caution. We make no claims about them.