CRAN Package Check Results for Package plu

Last updated on 2025-07-02 01:51:46 CEST.

Flavor Version Tinstall Tcheck Ttotal Status Flags
r-devel-linux-x86_64-debian-clang 0.3.0 7.04 36.55 43.59 NOTE
r-devel-linux-x86_64-debian-gcc 0.3.0 5.96 28.42 34.38 NOTE
r-devel-linux-x86_64-fedora-clang 0.3.0 64.87 NOTE
r-devel-linux-x86_64-fedora-gcc 0.3.0 62.08 NOTE
r-devel-windows-x86_64 0.3.0 8.00 54.00 62.00 NOTE
r-patched-linux-x86_64 NOTE
r-release-linux-x86_64 0.3.0 6.96 33.59 40.55 NOTE
r-release-macos-arm64 0.3.0 29.00 NOTE
r-release-macos-x86_64 0.3.0 44.00 NOTE
r-release-windows-x86_64 0.3.0 9.00 54.00 63.00 NOTE
r-oldrel-macos-arm64 0.3.0 26.00 NOTE
r-oldrel-macos-x86_64 0.3.0 34.00 NOTE
r-oldrel-windows-x86_64 0.3.0 10.00 63.00 73.00 NOTE

Check Details

Version: 0.3.0
Check: Rd files
Result: NOTE checkRd: (-1) plu_more.Rd:16: Lost braces; missing escapes or markup? 16 | Additional arguments are replaced with "{n} more". | ^ Flavors: r-devel-linux-x86_64-debian-clang, r-devel-linux-x86_64-debian-gcc, r-devel-linux-x86_64-fedora-clang, r-devel-linux-x86_64-fedora-gcc, r-devel-windows-x86_64, r-patched-linux-x86_64, r-release-linux-x86_64, r-release-macos-arm64, r-release-macos-x86_64, r-release-windows-x86_64, r-oldrel-macos-arm64, r-oldrel-macos-x86_64, r-oldrel-windows-x86_64

These binaries (installable software) and packages are in development.
They may not be fully stable and should be used with caution. We make no claims about them.