CRAN Package Check Results for Package plug

Last updated on 2025-10-03 15:49:58 CEST.

Flavor Version Tinstall Tcheck Ttotal Status Flags
r-devel-linux-x86_64-debian-clang 0.1.0 1.34 19.84 21.18 NOTE
r-devel-linux-x86_64-debian-gcc 0.1.0 1.39 16.92 18.31 NOTE
r-devel-linux-x86_64-fedora-clang 0.1.0 30.05 NOTE
r-devel-linux-x86_64-fedora-gcc 0.1.0 28.81 NOTE
r-devel-windows-x86_64 0.1.0 4.00 40.00 44.00 NOTE
r-patched-linux-x86_64 0.1.0 1.68 17.77 19.45 NOTE
r-release-linux-x86_64 0.1.0 1.77 17.78 19.55 NOTE
r-release-macos-arm64 0.1.0 15.00 NOTE
r-release-macos-x86_64 0.1.0 24.00 NOTE
r-release-windows-x86_64 0.1.0 4.00 40.00 44.00 NOTE
r-oldrel-macos-arm64 0.1.0 20.00 OK
r-oldrel-macos-x86_64 0.1.0 35.00 OK
r-oldrel-windows-x86_64 0.1.0 4.00 42.00 46.00 OK

Check Details

Version: 0.1.0
Check: DESCRIPTION meta-information
Result: NOTE Missing dependency on R >= 4.1.0 because package code uses the pipe |> or function shorthand \(...) syntax added in R 4.1.0. File(s) using such syntax: ‘plug.R’ Flavors: r-devel-linux-x86_64-debian-clang, r-devel-linux-x86_64-debian-gcc, r-devel-linux-x86_64-fedora-clang, r-devel-linux-x86_64-fedora-gcc, r-devel-windows-x86_64, r-patched-linux-x86_64, r-release-linux-x86_64, r-release-macos-arm64, r-release-macos-x86_64, r-release-windows-x86_64

These binaries (installable software) and packages are in development.
They may not be fully stable and should be used with caution. We make no claims about them.