Last updated on 2025-02-19 17:51:00 CET.
Flavor | Version | Tinstall | Tcheck | Ttotal | Status | Flags |
---|---|---|---|---|---|---|
r-devel-linux-x86_64-debian-clang | 0.1.0 | 1.98 | 17.01 | 18.99 | NOTE | |
r-devel-linux-x86_64-debian-gcc | 0.1.0 | 1.55 | 13.62 | 15.17 | NOTE | |
r-devel-linux-x86_64-fedora-clang | 0.1.0 | 30.12 | NOTE | |||
r-devel-linux-x86_64-fedora-gcc | 0.1.0 | 28.41 | NOTE | |||
r-devel-macos-arm64 | 0.1.0 | 16.00 | OK | |||
r-devel-macos-x86_64 | 0.1.0 | 25.00 | NOTE | |||
r-devel-windows-x86_64 | 0.1.0 | 4.00 | 43.00 | 47.00 | NOTE | |
r-patched-linux-x86_64 | 0.1.0 | 2.00 | 16.11 | 18.11 | OK | |
r-release-linux-x86_64 | 0.1.0 | 1.69 | 16.31 | 18.00 | OK | |
r-release-macos-arm64 | 0.1.0 | 20.00 | OK | |||
r-release-macos-x86_64 | 0.1.0 | 35.00 | OK | |||
r-release-windows-x86_64 | 0.1.0 | 3.00 | 39.00 | 42.00 | OK | |
r-oldrel-macos-arm64 | 0.1.0 | 19.00 | OK | |||
r-oldrel-macos-x86_64 | 0.1.0 | 32.00 | OK | |||
r-oldrel-windows-x86_64 | 0.1.0 | 4.00 | 44.00 | 48.00 | OK |
Version: 0.1.0
Check: DESCRIPTION meta-information
Result: NOTE
Missing dependency on R >= 4.1.0 because package code uses the pipe
|> or function shorthand \(...) syntax added in R 4.1.0.
File(s) using such syntax:
‘plug.R’
Flavors: r-devel-linux-x86_64-debian-clang, r-devel-linux-x86_64-debian-gcc, r-devel-linux-x86_64-fedora-clang, r-devel-linux-x86_64-fedora-gcc, r-devel-macos-x86_64, r-devel-windows-x86_64
These binaries (installable software) and packages are in development.
They may not be fully stable and should be used with caution. We make no claims about them.