Last updated on 2025-05-08 04:52:14 CEST.
Flavor | Version | Tinstall | Tcheck | Ttotal | Status | Flags |
---|---|---|---|---|---|---|
r-devel-linux-x86_64-debian-clang | 0.8-5 | 2.43 | 19.23 | 21.66 | NOTE | |
r-devel-linux-x86_64-debian-gcc | 0.8-5 | 2.02 | 15.93 | 17.95 | NOTE | |
r-devel-linux-x86_64-fedora-clang | 0.8-5 | 33.29 | OK | |||
r-devel-linux-x86_64-fedora-gcc | 0.8-5 | 32.01 | OK | |||
r-devel-windows-x86_64 | 0.8-5 | 5.00 | 48.00 | 53.00 | OK | |
r-patched-linux-x86_64 | 0.8-5 | 2.20 | 18.51 | 20.71 | OK | |
r-release-linux-x86_64 | 0.8-5 | 2.16 | 18.47 | 20.63 | OK | |
r-release-macos-arm64 | 0.8-5 | 18.00 | OK | |||
r-release-macos-x86_64 | 0.8-5 | 27.00 | OK | |||
r-release-windows-x86_64 | 0.8-5 | 6.00 | 52.00 | 58.00 | OK | |
r-oldrel-macos-arm64 | 0.8-5 | 18.00 | OK | |||
r-oldrel-macos-x86_64 | 0.8-5 | 22.00 | OK | |||
r-oldrel-windows-x86_64 | 0.8-5 | 5.00 | 49.00 | 54.00 | OK |
Version: 0.8-5
Check: CRAN incoming feasibility
Result: NOTE
Maintainer: ‘Martin Maechler <maechler@stat.math.ethz.ch>’
No Authors@R field in DESCRIPTION.
Please add one, modifying
Authors@R: c(person(given = c("Eva", "Herrmann;", "R", "interface", "etc", "by", "Martin"),
family = "Maechler",
role = "aut",
email = "eherrmann@mathematik.tu-darmstadt.de",
comment = "C original"),
person(given = "Martin",
family = "Maechler",
role = "cre",
email = "maechler@stat.math.ethz.ch"))
as necessary.
Flavors: r-devel-linux-x86_64-debian-clang, r-devel-linux-x86_64-debian-gcc
These binaries (installable software) and packages are in development.
They may not be fully stable and should be used with caution. We make no claims about them.