Last updated on 2025-02-16 08:50:57 CET.
Flavor | Version | Tinstall | Tcheck | Ttotal | Status | Flags |
---|---|---|---|---|---|---|
r-devel-linux-x86_64-debian-clang | 1.2.2 | 14.43 | 81.49 | 95.92 | OK | |
r-devel-linux-x86_64-debian-gcc | 1.2.2 | 8.48 | 57.34 | 65.82 | OK | |
r-devel-linux-x86_64-fedora-clang | 1.2.2 | 151.11 | OK | |||
r-devel-linux-x86_64-fedora-gcc | 1.2.2 | 186.67 | OK | |||
r-devel-macos-arm64 | 1.2.2 | 66.00 | OK | |||
r-devel-macos-x86_64 | 1.2.2 | 141.00 | OK | |||
r-devel-windows-x86_64 | 1.2.2 | 14.00 | 109.00 | 123.00 | OK | |
r-patched-linux-x86_64 | 1.2.2 | 14.21 | 80.98 | 95.19 | OK | |
r-release-linux-x86_64 | 1.2.2 | 11.15 | 77.66 | 88.81 | OK | |
r-release-macos-arm64 | 1.2.2 | 60.00 | OK | |||
r-release-macos-x86_64 | 1.2.2 | 112.00 | NOTE | |||
r-release-windows-x86_64 | 1.2.2 | 12.00 | 100.00 | 112.00 | OK | |
r-oldrel-macos-arm64 | 1.2.2 | 68.00 | OK | |||
r-oldrel-macos-x86_64 | 1.2.2 | 159.00 | OK | |||
r-oldrel-windows-x86_64 | 1.2.2 | 17.00 | 141.00 | 158.00 | OK |
Version: 1.2.2
Check: package dependencies
Result: NOTE
Package suggested but not available for checking: ‘arrow’
Flavor: r-release-macos-x86_64
Version: 1.2.2
Check: Rd cross-references
Result: NOTE
Package unavailable to check Rd xrefs: ‘arrow’
Flavor: r-release-macos-x86_64
These binaries (installable software) and packages are in development.
They may not be fully stable and should be used with caution. We make no claims about them.