Last updated on 2025-11-13 01:50:29 CET.
| Flavor | Version | Tinstall | Tcheck | Ttotal | Status | Flags |
|---|---|---|---|---|---|---|
| r-devel-linux-x86_64-debian-clang | 0.1.0 | 10.33 | 171.73 | 182.06 | OK | |
| r-devel-linux-x86_64-debian-gcc | 0.1.0 | 7.11 | 121.43 | 128.54 | OK | |
| r-devel-linux-x86_64-fedora-clang | 0.1.0 | 45.00 | 246.82 | 291.82 | OK | |
| r-devel-linux-x86_64-fedora-gcc | 0.1.0 | 22.00 | 291.77 | 313.77 | OK | |
| r-devel-windows-x86_64 | 0.1.0 | 13.00 | 186.00 | 199.00 | OK | |
| r-patched-linux-x86_64 | 0.1.0 | 12.31 | 161.19 | 173.50 | OK | |
| r-release-linux-x86_64 | 0.1.0 | 12.27 | 163.63 | 175.90 | OK | |
| r-release-macos-arm64 | 0.1.0 | 5.00 | ERROR | |||
| r-release-macos-x86_64 | 0.1.0 | 8.00 | ERROR | |||
| r-release-windows-x86_64 | 0.1.0 | 15.00 | 206.00 | 221.00 | OK | |
| r-oldrel-macos-arm64 | 0.1.0 | 10.00 | ERROR | |||
| r-oldrel-macos-x86_64 | 0.1.0 | 19.00 | ERROR | |||
| r-oldrel-windows-x86_64 | 0.1.0 | 22.00 | 238.00 | 260.00 | OK |
Version: 0.1.0
Check: package dependencies
Result: ERROR
Package required but not available: ‘firesafety’
Package required and available but unsuitable version: ‘routr’
See section ‘The DESCRIPTION file’ in the ‘Writing R Extensions’
manual.
Flavors: r-release-macos-arm64, r-release-macos-x86_64, r-oldrel-macos-arm64, r-oldrel-macos-x86_64
These binaries (installable software) and packages are in development.
They may not be fully stable and should be used with caution. We make no claims about them.