Last updated on 2025-02-16 08:50:57 CET.
Flavor | Version | Tinstall | Tcheck | Ttotal | Status | Flags |
---|---|---|---|---|---|---|
r-devel-linux-x86_64-debian-clang | 2.4.6 | 77.40 | 195.99 | 273.39 | NOTE | |
r-devel-linux-x86_64-debian-gcc | 2.4.6 | 55.29 | 129.20 | 184.49 | NOTE | |
r-devel-linux-x86_64-fedora-clang | 2.4.6 | 533.04 | NOTE | |||
r-devel-linux-x86_64-fedora-gcc | 2.4.6 | 481.50 | NOTE | |||
r-devel-macos-arm64 | 2.4.6 | 113.00 | OK | |||
r-devel-macos-x86_64 | 2.4.6 | 213.00 | NOTE | |||
r-devel-windows-x86_64 | 2.4.6 | 89.00 | 244.00 | 333.00 | NOTE | |
r-patched-linux-x86_64 | 2.4.6 | 83.69 | 180.01 | 263.70 | NOTE | |
r-release-linux-x86_64 | 2.4.6 | 78.71 | 180.53 | 259.24 | NOTE | |
r-release-macos-arm64 | 2.4.6 | 107.00 | NOTE | |||
r-release-macos-x86_64 | 2.4.6 | 190.00 | NOTE | |||
r-release-windows-x86_64 | 2.4.6 | 88.00 | 248.00 | 336.00 | NOTE | |
r-oldrel-macos-arm64 | 2.4.6 | 103.00 | NOTE | |||
r-oldrel-macos-x86_64 | 2.4.6 | 178.00 | NOTE | |||
r-oldrel-windows-x86_64 | 2.4.6 | 111.00 | 304.00 | 415.00 | NOTE |
Version: 2.4.6
Check: DESCRIPTION meta-information
Result: NOTE
Missing dependency on R >= 4.1.0 because package code uses the pipe
|> or function shorthand \(...) syntax added in R 4.1.0.
File(s) using such syntax:
‘edata_summary.R’ ‘filter_objects.R’ ‘protein_quant.R’
‘statRes_class.R’
Flavors: r-devel-linux-x86_64-debian-clang, r-devel-linux-x86_64-debian-gcc, r-devel-linux-x86_64-fedora-clang, r-devel-linux-x86_64-fedora-gcc, r-devel-macos-x86_64, r-devel-windows-x86_64
Version: 2.4.6
Check: package dependencies
Result: NOTE
Package suggested but not available for checking: ‘pmartRdata’
Flavors: r-patched-linux-x86_64, r-release-linux-x86_64, r-release-macos-arm64, r-release-macos-x86_64, r-release-windows-x86_64, r-oldrel-macos-arm64, r-oldrel-macos-x86_64, r-oldrel-windows-x86_64
Version: 2.4.6
Check: installed package size
Result: NOTE
installed size is 7.7Mb
sub-directories of 1Mb or more:
libs 5.2Mb
Flavors: r-release-macos-arm64, r-release-macos-x86_64, r-oldrel-macos-arm64, r-oldrel-macos-x86_64
These binaries (installable software) and packages are in development.
They may not be fully stable and should be used with caution. We make no claims about them.