Last updated on 2025-05-01 08:52:41 CEST.
Flavor | Version | Tinstall | Tcheck | Ttotal | Status | Flags |
---|---|---|---|---|---|---|
r-devel-linux-x86_64-debian-clang | 2.5.0 | 81.86 | 203.09 | 284.95 | OK | |
r-devel-linux-x86_64-debian-gcc | 2.5.0 | 56.12 | 135.75 | 191.87 | OK | |
r-devel-linux-x86_64-fedora-clang | 2.5.0 | 485.85 | OK | |||
r-devel-linux-x86_64-fedora-gcc | 2.5.0 | 474.73 | OK | |||
r-devel-windows-x86_64 | 2.5.0 | 95.00 | 249.00 | 344.00 | OK | |
r-patched-linux-x86_64 | 2.5.0 | 79.02 | 188.76 | 267.78 | OK | |
r-release-linux-x86_64 | OK | |||||
r-release-macos-arm64 | 2.5.0 | 99.00 | OK | |||
r-release-macos-x86_64 | 2.5.0 | 192.00 | OK | |||
r-release-windows-x86_64 | 2.5.0 | 96.00 | 260.00 | 356.00 | OK | |
r-oldrel-macos-arm64 | 2.5.0 | 104.00 | NOTE | |||
r-oldrel-macos-x86_64 | 2.5.0 | 227.00 | NOTE | |||
r-oldrel-windows-x86_64 | 2.5.0 | 108.00 | 311.00 | 419.00 | NOTE |
Version: 2.5.0
Check: package dependencies
Result: NOTE
Package suggested but not available for checking: ‘pmartRdata’
Flavors: r-oldrel-macos-arm64, r-oldrel-macos-x86_64, r-oldrel-windows-x86_64
Version: 2.5.0
Check: installed package size
Result: NOTE
installed size is 7.6Mb
sub-directories of 1Mb or more:
libs 5.0Mb
Flavors: r-oldrel-macos-arm64, r-oldrel-macos-x86_64
These binaries (installable software) and packages are in development.
They may not be fully stable and should be used with caution. We make no claims about them.