Last updated on 2025-02-16 08:50:57 CET.
Flavor | Version | Tinstall | Tcheck | Ttotal | Status | Flags |
---|---|---|---|---|---|---|
r-devel-linux-x86_64-debian-clang | 0.2-1 | 7.32 | 58.42 | 65.74 | OK | |
r-devel-linux-x86_64-debian-gcc | 0.2-1 | 5.78 | 45.92 | 51.70 | OK | |
r-devel-linux-x86_64-fedora-clang | 0.2-1 | 113.05 | OK | |||
r-devel-linux-x86_64-fedora-gcc | 0.2-1 | 120.94 | OK | |||
r-devel-macos-arm64 | 0.2-1 | 5.00 | ERROR | |||
r-devel-macos-x86_64 | 0.2-1 | 6.00 | ERROR | |||
r-devel-windows-x86_64 | 0.2-1 | 9.00 | 101.00 | 110.00 | OK | |
r-patched-linux-x86_64 | 0.2-1 | 7.49 | 54.71 | 62.20 | OK | |
r-release-linux-x86_64 | 0.2-1 | 6.78 | 54.74 | 61.52 | OK | |
r-release-macos-arm64 | 0.2-1 | 9.00 | ERROR | |||
r-release-macos-x86_64 | 0.2-1 | 10.00 | ERROR | |||
r-release-windows-x86_64 | 0.2-1 | 9.00 | 109.00 | 118.00 | OK | |
r-oldrel-macos-arm64 | 0.2-1 | 9.00 | ERROR | |||
r-oldrel-macos-x86_64 | 0.2-1 | 10.00 | ERROR | |||
r-oldrel-windows-x86_64 | 0.2-1 | 10.00 | 97.00 | 107.00 | OK |
Version: 0.2-1
Check: package dependencies
Result: ERROR
Package required but not available: ‘pbdMPI’
See section ‘The DESCRIPTION file’ in the ‘Writing R Extensions’
manual.
Flavors: r-devel-macos-arm64, r-devel-macos-x86_64, r-release-macos-arm64, r-release-macos-x86_64, r-oldrel-macos-arm64, r-oldrel-macos-x86_64
These binaries (installable software) and packages are in development.
They may not be fully stable and should be used with caution. We make no claims about them.