Last updated on 2025-02-02 14:48:31 CET.
Flavor | Version | Tinstall | Tcheck | Ttotal | Status | Flags |
---|---|---|---|---|---|---|
r-devel-linux-x86_64-debian-clang | 0.2.7 | 4.95 | 129.08 | 134.03 | OK | |
r-devel-linux-x86_64-debian-gcc | 0.2.7 | 3.59 | 91.92 | 95.51 | OK | |
r-devel-linux-x86_64-fedora-clang | 0.2.7 | 225.96 | OK | |||
r-devel-linux-x86_64-fedora-gcc | 0.2.7 | 241.82 | OK | |||
r-devel-windows-x86_64 | 0.2.7 | 8.00 | 180.00 | 188.00 | OK | |
r-patched-linux-x86_64 | 0.2.7 | 6.35 | 125.78 | 132.13 | OK | |
r-release-linux-x86_64 | 0.2.7 | 6.08 | 124.99 | 131.07 | OK | |
r-release-macos-arm64 | 0.2.7 | 81.00 | OK | |||
r-release-macos-x86_64 | 0.2.7 | 137.00 | OK | |||
r-release-windows-x86_64 | 0.2.7 | 8.00 | 189.00 | 197.00 | OK | |
r-oldrel-macos-arm64 | 0.2.7 | 88.00 | OK | |||
r-oldrel-macos-x86_64 | 0.2.7 | 157.00 | NOTE | |||
r-oldrel-windows-x86_64 | 0.2.7 | 10.00 | 197.00 | 207.00 | OK |
Version: 0.2.7
Check: installed package size
Result: NOTE
installed size is 5.5Mb
sub-directories of 1Mb or more:
data 3.6Mb
doc 1.5Mb
Flavor: r-oldrel-macos-x86_64
These binaries (installable software) and packages are in development.
They may not be fully stable and should be used with caution. We make no claims about them.