Last updated on 2025-02-16 08:50:57 CET.
Flavor | Version | Tinstall | Tcheck | Ttotal | Status | Flags |
---|---|---|---|---|---|---|
r-devel-linux-x86_64-debian-clang | 0.1.2 | 6.43 | 48.11 | 54.54 | NOTE | |
r-devel-linux-x86_64-debian-gcc | 0.1.2 | 4.52 | 36.85 | 41.37 | NOTE | |
r-devel-linux-x86_64-fedora-clang | 0.1.2 | 88.96 | NOTE | |||
r-devel-linux-x86_64-fedora-gcc | 0.1.2 | 81.85 | NOTE | |||
r-devel-macos-arm64 | 0.1.2 | 28.00 | OK | |||
r-devel-macos-x86_64 | 0.1.2 | 51.00 | NOTE | |||
r-devel-windows-x86_64 | 0.1.2 | 9.00 | 65.00 | 74.00 | NOTE | |
r-patched-linux-x86_64 | 0.1.2 | 6.61 | 44.82 | 51.43 | OK | |
r-release-linux-x86_64 | 0.1.2 | 6.33 | 45.26 | 51.59 | OK | |
r-release-macos-arm64 | 0.1.2 | 30.00 | OK | |||
r-release-macos-x86_64 | 0.1.2 | 69.00 | OK | |||
r-release-windows-x86_64 | 0.1.2 | 8.00 | 66.00 | 74.00 | OK | |
r-oldrel-macos-arm64 | 0.1.2 | 35.00 | OK | |||
r-oldrel-macos-x86_64 | 0.1.2 | 52.00 | OK | |||
r-oldrel-windows-x86_64 | 0.1.2 | 9.00 | 71.00 | 80.00 | OK |
Version: 0.1.2
Check: DESCRIPTION meta-information
Result: NOTE
Missing dependency on R >= 4.1.0 because package code uses the pipe
|> or function shorthand \(...) syntax added in R 4.1.0.
File(s) using such syntax:
‘earned_value.R’ ‘planned_value.R’ ‘pmevR6.R’
Flavors: r-devel-linux-x86_64-debian-clang, r-devel-linux-x86_64-debian-gcc, r-devel-linux-x86_64-fedora-clang, r-devel-linux-x86_64-fedora-gcc, r-devel-macos-x86_64, r-devel-windows-x86_64
These binaries (installable software) and packages are in development.
They may not be fully stable and should be used with caution. We make no claims about them.