Last updated on 2025-05-28 15:50:08 CEST.
Flavor | Version | Tinstall | Tcheck | Ttotal | Status | Flags |
---|---|---|---|---|---|---|
r-devel-linux-x86_64-debian-clang | 0.1.2 | 7.03 | 56.80 | 63.83 | NOTE | |
r-devel-linux-x86_64-debian-gcc | 0.1.2 | 5.21 | 40.16 | 45.37 | NOTE | |
r-devel-linux-x86_64-fedora-clang | 0.1.2 | 98.80 | NOTE | |||
r-devel-linux-x86_64-fedora-gcc | 0.1.2 | 92.66 | NOTE | |||
r-devel-windows-x86_64 | 0.1.2 | 9.00 | 68.00 | 77.00 | NOTE | |
r-patched-linux-x86_64 | 0.1.2 | 7.27 | 51.85 | 59.12 | NOTE | |
r-release-linux-x86_64 | 0.1.2 | 6.78 | 51.14 | 57.92 | NOTE | |
r-release-macos-arm64 | 0.1.2 | 28.00 | NOTE | |||
r-release-macos-x86_64 | 0.1.2 | 49.00 | NOTE | |||
r-release-windows-x86_64 | 0.1.2 | 9.00 | 67.00 | 76.00 | NOTE | |
r-oldrel-macos-arm64 | 0.1.2 | 30.00 | OK | |||
r-oldrel-macos-x86_64 | 0.1.2 | 69.00 | OK | |||
r-oldrel-windows-x86_64 | 0.1.2 | 11.00 | 83.00 | 94.00 | OK |
Version: 0.1.2
Check: DESCRIPTION meta-information
Result: NOTE
Missing dependency on R >= 4.1.0 because package code uses the pipe
|> or function shorthand \(...) syntax added in R 4.1.0.
File(s) using such syntax:
‘earned_value.R’ ‘planned_value.R’ ‘pmevR6.R’
Flavors: r-devel-linux-x86_64-debian-clang, r-devel-linux-x86_64-debian-gcc, r-devel-linux-x86_64-fedora-clang, r-devel-linux-x86_64-fedora-gcc, r-devel-windows-x86_64, r-patched-linux-x86_64, r-release-linux-x86_64, r-release-macos-arm64, r-release-macos-x86_64, r-release-windows-x86_64
These binaries (installable software) and packages are in development.
They may not be fully stable and should be used with caution. We make no claims about them.