CRAN Package Check Results for Package pmultinom

Last updated on 2025-05-23 11:56:03 CEST.

Flavor Version Tinstall Tcheck Ttotal Status Flags
r-devel-linux-x86_64-debian-clang 1.0.0 1.89 57.57 59.46 NOTE
r-devel-linux-x86_64-debian-gcc 1.0.0 1.49 37.53 39.02 NOTE
r-devel-linux-x86_64-fedora-clang 1.0.0 94.27 OK
r-devel-linux-x86_64-fedora-gcc 1.0.0 104.96 OK
r-devel-windows-x86_64 1.0.0 3.00 117.00 120.00 OK
r-patched-linux-x86_64 1.0.0 1.74 54.43 56.17 OK
r-release-linux-x86_64 1.0.0 1.80 54.64 56.44 OK
r-release-macos-arm64 1.0.0 35.00 OK
r-release-macos-x86_64 1.0.0 69.00 OK
r-release-windows-x86_64 1.0.0 3.00 131.00 134.00 OK
r-oldrel-macos-arm64 1.0.0 45.00 NOTE
r-oldrel-macos-x86_64 1.0.0 52.00 NOTE
r-oldrel-windows-x86_64 1.0.0 4.00 98.00 102.00 NOTE

Check Details

Version: 1.0.0
Check: CRAN incoming feasibility
Result: NOTE Maintainer: ‘Alexander Davis <ajdavis2@mdanderson.org>’ No Authors@R field in DESCRIPTION. Please add one, modifying Authors@R: person(given = "Alexander", family = "Davis", role = c("aut", "cre"), email = "ajdavis2@mdanderson.org") as necessary. Flavors: r-devel-linux-x86_64-debian-clang, r-devel-linux-x86_64-debian-gcc

Version: 1.0.0
Check: LazyData
Result: NOTE 'LazyData' is specified without a 'data' directory Flavors: r-oldrel-macos-arm64, r-oldrel-macos-x86_64, r-oldrel-windows-x86_64

These binaries (installable software) and packages are in development.
They may not be fully stable and should be used with caution. We make no claims about them.