Last updated on 2025-02-16 08:50:57 CET.
Flavor | Version | Tinstall | Tcheck | Ttotal | Status | Flags |
---|---|---|---|---|---|---|
r-devel-linux-x86_64-debian-clang | 1.6.0.1 | 3.32 | 42.10 | 45.42 | NOTE | |
r-devel-linux-x86_64-debian-gcc | 1.6.0.1 | 3.02 | 31.55 | 34.57 | NOTE | |
r-devel-linux-x86_64-fedora-clang | 1.6.0.1 | 73.04 | NOTE | |||
r-devel-linux-x86_64-fedora-gcc | 1.6.0.1 | 71.38 | NOTE | |||
r-devel-macos-arm64 | 1.6.0.1 | 27.00 | NOTE | |||
r-devel-macos-x86_64 | 1.6.0.1 | 48.00 | NOTE | |||
r-devel-windows-x86_64 | 1.6.0.1 | 7.00 | 70.00 | 77.00 | NOTE | |
r-patched-linux-x86_64 | 1.6.0.1 | 3.66 | 40.27 | 43.93 | NOTE | |
r-release-linux-x86_64 | 1.6.0.1 | 3.38 | 40.76 | 44.14 | NOTE | |
r-release-macos-arm64 | 1.6.0.1 | 25.00 | NOTE | |||
r-release-macos-x86_64 | 1.6.0.1 | 38.00 | NOTE | |||
r-release-windows-x86_64 | 1.6.0.1 | 6.00 | 74.00 | 80.00 | NOTE | |
r-oldrel-macos-arm64 | 1.6.0.1 | 30.00 | NOTE | |||
r-oldrel-macos-x86_64 | 1.6.0.1 | 40.00 | NOTE | |||
r-oldrel-windows-x86_64 | 1.6.0.1 | 7.00 | 93.00 | 100.00 | NOTE |
Version: 1.6.0.1
Check: Rd files
Result: NOTE
checkRd: (-1) carcinoma.Rd:8: Escaped LaTeX specials: \&
checkRd: (-1) poLCA.Rd:63: Escaped LaTeX specials: \&
checkRd: (-1) poLCA.Rd:69: Escaped LaTeX specials: \&
Flavors: r-devel-linux-x86_64-debian-clang, r-devel-linux-x86_64-debian-gcc, r-devel-linux-x86_64-fedora-clang, r-devel-linux-x86_64-fedora-gcc, r-devel-macos-arm64, r-devel-macos-x86_64, r-devel-windows-x86_64, r-patched-linux-x86_64, r-release-linux-x86_64, r-release-macos-arm64, r-release-macos-x86_64, r-release-windows-x86_64, r-oldrel-macos-arm64, r-oldrel-macos-x86_64, r-oldrel-windows-x86_64
These binaries (installable software) and packages are in development.
They may not be fully stable and should be used with caution. We make no claims about them.