Last updated on 2025-07-02 01:51:46 CEST.
Flavor | Version | Tinstall | Tcheck | Ttotal | Status | Flags |
---|---|---|---|---|---|---|
r-devel-linux-x86_64-debian-clang | 1.3.0 | 11.26 | 69.29 | 80.55 | NOTE | |
r-devel-linux-x86_64-debian-gcc | 1.3.0 | 6.71 | 47.66 | 54.37 | NOTE | |
r-devel-linux-x86_64-fedora-clang | 1.3.0 | 123.86 | OK | |||
r-devel-linux-x86_64-fedora-gcc | 1.3.0 | 114.29 | OK | |||
r-devel-windows-x86_64 | 1.3.0 | 11.00 | 79.00 | 90.00 | OK | |
r-patched-linux-x86_64 | OK | |||||
r-release-linux-x86_64 | 1.3.0 | 10.03 | 64.48 | 74.51 | OK | |
r-release-macos-arm64 | 1.3.0 | 34.00 | OK | |||
r-release-macos-x86_64 | 1.3.0 | 57.00 | OK | |||
r-release-windows-x86_64 | 1.3.0 | 11.00 | 81.00 | 92.00 | OK | |
r-oldrel-macos-arm64 | 1.3.0 | 33.00 | OK | |||
r-oldrel-macos-x86_64 | 1.3.0 | 50.00 | OK | |||
r-oldrel-windows-x86_64 | 1.3.0 | 15.00 | 96.00 | 111.00 | OK |
Version: 1.3.0
Check: CRAN incoming feasibility
Result: NOTE
Maintainer: ‘Michaela Dvorzak <m.dvorzak@gmx.at>’
Package CITATION file contains call(s) to old-style personList() or
as.personList(). Please use c() on person objects instead.
Package CITATION file contains call(s) to old-style citEntry(). Please
use bibentry() instead.
Flavors: r-devel-linux-x86_64-debian-clang, r-devel-linux-x86_64-debian-gcc
These binaries (installable software) and packages are in development.
They may not be fully stable and should be used with caution. We make no claims about them.