Last updated on 2024-07-27 15:50:29 CEST.
Flavor | Version | Tinstall | Tcheck | Ttotal | Status | Flags |
---|---|---|---|---|---|---|
r-devel-linux-x86_64-debian-clang | 0.12.1 | 24.48 | 276.85 | 301.33 | OK | |
r-devel-linux-x86_64-debian-gcc | 0.12.1 | OK | ||||
r-devel-linux-x86_64-fedora-clang | 0.12.1 | 403.56 | NOTE | |||
r-devel-linux-x86_64-fedora-gcc | 0.12.1 | 346.41 | NOTE | |||
r-devel-windows-x86_64 | 0.12.1 | 30.00 | 233.00 | 263.00 | OK | |
r-patched-linux-x86_64 | 0.12.1 | OK | ||||
r-release-linux-x86_64 | 0.12.1 | 17.93 | 269.77 | 287.70 | OK | |
r-release-macos-arm64 | 0.12.1 | 89.00 | OK | |||
r-release-macos-x86_64 | 0.12.1 | 139.00 | OK | |||
r-release-windows-x86_64 | 0.12.1 | 26.00 | 229.00 | 255.00 | OK | |
r-oldrel-macos-arm64 | 0.12.1 | 84.00 | OK | |||
r-oldrel-macos-x86_64 | 0.12.1 | 238.00 | OK | |||
r-oldrel-windows-x86_64 | 0.12.1 | 34.00 | 286.00 | 320.00 | OK |
Version: 0.12.1
Check: data for non-ASCII characters
Result: NOTE
Note: found 1 marked UTF-8 string
Flavors: r-devel-linux-x86_64-fedora-clang, r-devel-linux-x86_64-fedora-gcc
These binaries (installable software) and packages are in development.
They may not be fully stable and should be used with caution. We make no claims about them.