CRAN Package Check Results for Package pointdensityP

Last updated on 2025-07-01 15:49:57 CEST.

Flavor Version Tinstall Tcheck Ttotal Status Flags
r-devel-linux-x86_64-debian-clang 0.3.5 4.96 24.39 29.35 NOTE
r-devel-linux-x86_64-debian-gcc 0.3.5 3.66 20.14 23.80 NOTE
r-devel-linux-x86_64-fedora-clang 0.3.5 45.32 OK
r-devel-linux-x86_64-fedora-gcc 0.3.5 41.82 OK
r-devel-windows-x86_64 0.3.5 5.00 44.00 49.00 OK
r-patched-linux-x86_64 OK
r-release-linux-x86_64 0.3.5 4.60 22.72 27.32 OK
r-release-macos-arm64 0.3.5 19.00 OK
r-release-macos-x86_64 0.3.5 32.00 OK
r-release-windows-x86_64 0.3.5 5.00 47.00 52.00 OK
r-oldrel-macos-arm64 0.3.5 23.00 OK
r-oldrel-macos-x86_64 0.3.5 29.00 OK
r-oldrel-windows-x86_64 0.3.5 8.00 50.00 58.00 OK

Check Details

Version: 0.3.5
Check: CRAN incoming feasibility
Result: NOTE Maintainer: ‘Paul Evangelista <paul.evangelista@westpoint.edu>’ No Authors@R field in DESCRIPTION. Please add one, modifying Authors@R: c(person(given = "\"Paul", family = "Evangelista", role = "aut", email = "paul.evangelista@westpoint.edu"), person(given = "Dave", family = "Beskow\"", role = "aut", email = "david.beskow@westpoint.edu"), person(given = "Paul", family = "Evangelista", role = "cre", email = "paul.evangelista@westpoint.edu")) as necessary. Flavors: r-devel-linux-x86_64-debian-clang, r-devel-linux-x86_64-debian-gcc

These binaries (installable software) and packages are in development.
They may not be fully stable and should be used with caution. We make no claims about them.