CRAN Package Check Results for Package poisDoubleSamp

Last updated on 2025-05-08 04:52:14 CEST.

Flavor Version Tinstall Tcheck Ttotal Status Flags
r-devel-linux-x86_64-debian-clang 1.1.1 13.78 29.10 42.88 NOTE
r-devel-linux-x86_64-debian-gcc 1.1.1 8.36 21.93 30.29 NOTE
r-devel-linux-x86_64-fedora-clang 1.1.1 76.23 OK
r-devel-linux-x86_64-fedora-gcc 1.1.1 69.01 OK
r-devel-windows-x86_64 1.1.1 16.00 66.00 82.00 OK
r-patched-linux-x86_64 1.1.1 12.74 28.08 40.82 OK
r-release-linux-x86_64 1.1.1 11.73 28.12 39.85 OK
r-release-macos-arm64 1.1.1 22.00 OK
r-release-macos-x86_64 1.1.1 36.00 OK
r-release-windows-x86_64 1.1.1 16.00 70.00 86.00 OK
r-oldrel-macos-arm64 1.1.1 27.00 OK
r-oldrel-macos-x86_64 1.1.1 32.00 OK
r-oldrel-windows-x86_64 1.1.1 15.00 74.00 89.00 OK

Check Details

Version: 1.1.1
Check: CRAN incoming feasibility
Result: NOTE Maintainer: ‘David Kahle <david@kahle.io>’ Package CITATION file contains call(s) to old-style citEntry(). Please use bibentry() instead. Flavors: r-devel-linux-x86_64-debian-clang, r-devel-linux-x86_64-debian-gcc

These binaries (installable software) and packages are in development.
They may not be fully stable and should be used with caution. We make no claims about them.