Last updated on 2025-02-19 17:51:00 CET.
Flavor | Version | Tinstall | Tcheck | Ttotal | Status | Flags |
---|---|---|---|---|---|---|
r-devel-linux-x86_64-debian-clang | 2.0.0 | 2.01 | 23.10 | 25.11 | NOTE | |
r-devel-linux-x86_64-debian-gcc | 2.0.0 | 1.61 | 18.66 | 20.27 | NOTE | |
r-devel-linux-x86_64-fedora-clang | 2.0.0 | 40.35 | NOTE | |||
r-devel-linux-x86_64-fedora-gcc | 2.0.0 | 37.90 | NOTE | |||
r-devel-macos-arm64 | 2.0.0 | 15.00 | NOTE | |||
r-devel-macos-x86_64 | 2.0.0 | 28.00 | NOTE | |||
r-devel-windows-x86_64 | 2.0.0 | 3.00 | 46.00 | 49.00 | NOTE | |
r-patched-linux-x86_64 | 2.0.0 | 1.94 | 21.88 | 23.82 | NOTE | |
r-release-linux-x86_64 | 2.0.0 | 1.94 | 22.29 | 24.23 | NOTE | |
r-release-macos-arm64 | 2.0.0 | 18.00 | NOTE | |||
r-release-macos-x86_64 | 2.0.0 | 24.00 | NOTE | |||
r-release-windows-x86_64 | 2.0.0 | 3.00 | 46.00 | 49.00 | NOTE | |
r-oldrel-macos-arm64 | 2.0.0 | 19.00 | OK | |||
r-oldrel-macos-x86_64 | 2.0.0 | 24.00 | OK | |||
r-oldrel-windows-x86_64 | 2.0.0 | 3.00 | 56.00 | 59.00 | OK |
Version: 2.0.0
Check: Rd files
Result: NOTE
checkRd: (-1) pois.fe.robust.Rd:47: Lost braces in \itemize; meant \describe ?
checkRd: (-1) pois.fe.robust.Rd:48: Lost braces in \itemize; meant \describe ?
checkRd: (-1) pois.fe.robust.Rd:49: Lost braces in \itemize; meant \describe ?
checkRd: (-1) pois.fe.robust.Rd:50-51: Lost braces in \itemize; meant \describe ?
checkRd: (-1) pois.fe.robust.Rd:66: Lost braces in \itemize; \value handles \item{}{} directly
checkRd: (-1) pois.fe.robust.Rd:67: Lost braces in \itemize; \value handles \item{}{} directly
checkRd: (-1) pois.fe.robust.Rd:68-69: Lost braces in \itemize; \value handles \item{}{} directly
Flavors: r-devel-linux-x86_64-debian-clang, r-devel-linux-x86_64-debian-gcc, r-devel-linux-x86_64-fedora-clang, r-devel-linux-x86_64-fedora-gcc, r-devel-macos-arm64, r-devel-macos-x86_64, r-devel-windows-x86_64, r-patched-linux-x86_64, r-release-linux-x86_64, r-release-macos-arm64, r-release-macos-x86_64, r-release-windows-x86_64
These binaries (installable software) and packages are in development.
They may not be fully stable and should be used with caution. We make no claims about them.