CRAN Package Check Results for Package poliscidata

Last updated on 2025-11-11 15:50:43 CET.

Flavor Version Tinstall Tcheck Ttotal Status Flags
r-devel-linux-x86_64-debian-clang 2.3.0 18.58 131.77 150.35 NOTE
r-devel-linux-x86_64-debian-gcc 2.3.0 11.42 92.17 103.59 NOTE
r-devel-linux-x86_64-fedora-clang 2.3.0 36.00 191.40 227.40 OK
r-devel-linux-x86_64-fedora-gcc 2.3.0 33.00 183.74 216.74 OK
r-devel-windows-x86_64 2.3.0 22.00 135.00 157.00 OK
r-patched-linux-x86_64 2.3.0 19.61 125.09 144.70 OK
r-release-linux-x86_64 2.3.0 15.93 123.51 139.44 OK
r-release-macos-arm64 2.3.0 8.00 50.00 58.00 OK
r-release-macos-x86_64 2.3.0 14.00 92.00 106.00 OK
r-release-windows-x86_64 2.3.0 20.00 136.00 156.00 OK
r-oldrel-macos-arm64 2.3.0 9.00 52.00 61.00 OK
r-oldrel-macos-x86_64 2.3.0 11.00 71.00 82.00 OK
r-oldrel-windows-x86_64 2.3.0 27.00 179.00 206.00 OK

Check Details

Version: 2.3.0
Check: CRAN incoming feasibility
Result: NOTE Maintainer: ‘Barry Edwards <barry.edwards@ucf.edu>’ No Authors@R field in DESCRIPTION. Please add one, modifying Authors@R: c(person(given = "Barry", family = "Edwards", role = c("aut", "cre"), email = "barry.edwards@ucf.edu"), person(given = "Philip", family = "Pollock", role = "aut")) as necessary. Flavors: r-devel-linux-x86_64-debian-clang, r-devel-linux-x86_64-debian-gcc

These binaries (installable software) and packages are in development.
They may not be fully stable and should be used with caution. We make no claims about them.