CRAN Package Check Results for Package polite

Last updated on 2025-10-23 11:50:23 CEST.

Flavor Version Tinstall Tcheck Ttotal Status Flags
r-devel-linux-x86_64-debian-clang 0.1.3 3.52 41.26 44.78 NOTE
r-devel-linux-x86_64-debian-gcc 0.1.3 2.55 31.50 34.05 OK
r-devel-linux-x86_64-fedora-clang 0.1.3 18.00 51.53 69.53 OK
r-devel-linux-x86_64-fedora-gcc 0.1.3 10.00 53.83 63.83 OK
r-devel-windows-x86_64 0.1.3 7.00 58.00 65.00 OK
r-patched-linux-x86_64 0.1.3 3.67 37.69 41.36 OK
r-release-linux-x86_64 0.1.3 3.80 38.30 42.10 OK
r-release-macos-arm64 0.1.3 2.00 24.00 26.00 OK
r-release-macos-x86_64 0.1.3 4.00 39.00 43.00 OK
r-release-windows-x86_64 0.1.3 8.00 58.00 66.00 OK
r-oldrel-macos-arm64 0.1.3 2.00 23.00 25.00 OK
r-oldrel-macos-x86_64 0.1.3 3.00 31.00 34.00 OK
r-oldrel-windows-x86_64 0.1.3 8.00 68.00 76.00 OK

Check Details

Version: 0.1.3
Check: HTML version of manual
Result: NOTE Found the following HTML validation problems: print.polite.html:51:1 (print.polite.Rd:12): Warning: missing </ul> before </div> use_manners.html:50:1 (use_manners.Rd:12): Warning: missing </ul> before </div> Flavor: r-devel-linux-x86_64-debian-clang

These binaries (installable software) and packages are in development.
They may not be fully stable and should be used with caution. We make no claims about them.