CRAN Package Check Results for Package politeness

Last updated on 2025-02-16 08:50:57 CET.

Flavor Version Tinstall Tcheck Ttotal Status Flags
r-devel-linux-x86_64-debian-clang 0.9.3 10.32 112.86 123.18 NOTE
r-devel-linux-x86_64-debian-gcc 0.9.3 7.48 78.26 85.74 NOTE
r-devel-linux-x86_64-fedora-clang 0.9.3 194.74 OK
r-devel-linux-x86_64-fedora-gcc 0.9.3 192.73 OK
r-devel-macos-arm64 0.9.3 58.00 OK
r-devel-macos-x86_64 0.9.3 139.00 OK
r-devel-windows-x86_64 0.9.3 12.00 117.00 129.00 NOTE
r-patched-linux-x86_64 0.9.3 14.20 102.95 117.15 OK
r-release-linux-x86_64 0.9.3 8.61 102.45 111.06 OK
r-release-macos-arm64 0.9.3 54.00 OK
r-release-macos-x86_64 0.9.3 91.00 OK
r-release-windows-x86_64 0.9.3 12.00 128.00 140.00 OK
r-oldrel-macos-arm64 0.9.3 60.00 OK
r-oldrel-macos-x86_64 0.9.3 142.00 OK
r-oldrel-windows-x86_64 0.9.3 15.00 136.00 151.00 OK

Check Details

Version: 0.9.3
Check: Rd cross-references
Result: NOTE Found the following Rd file(s) with Rd \link{} targets missing package anchors: politenessModel.Rd: spacyr receptiveness.Rd: spacyr Please provide package anchors for all Rd \link{} targets not in the package itself and the base packages. Flavors: r-devel-linux-x86_64-debian-clang, r-devel-linux-x86_64-debian-gcc, r-devel-windows-x86_64

These binaries (installable software) and packages are in development.
They may not be fully stable and should be used with caution. We make no claims about them.