Last updated on 2024-07-27 15:50:29 CEST.
Flavor | Version | Tinstall | Tcheck | Ttotal | Status | Flags |
---|---|---|---|---|---|---|
r-devel-linux-x86_64-debian-clang | 0.9.1 | 4.44 | 63.29 | 67.73 | OK | |
r-devel-linux-x86_64-debian-gcc | 0.9.1 | NOTE | ||||
r-devel-linux-x86_64-fedora-clang | 0.9.1 | 88.25 | OK | |||
r-devel-linux-x86_64-fedora-gcc | 0.9.1 | 95.18 | OK | |||
r-devel-windows-x86_64 | 0.9.1 | 9.00 | 82.00 | 91.00 | NOTE | |
r-patched-linux-x86_64 | 0.9.1 | OK | ||||
r-release-linux-x86_64 | 0.9.1 | 4.99 | 60.16 | 65.15 | OK | |
r-release-macos-arm64 | 0.9.1 | 60.00 | OK | |||
r-release-macos-x86_64 | 0.9.1 | 59.00 | OK | |||
r-release-windows-x86_64 | 0.9.1 | 9.00 | 79.00 | 88.00 | OK | |
r-oldrel-macos-arm64 | 0.9.1 | 45.00 | OK | |||
r-oldrel-macos-x86_64 | 0.9.1 | 123.00 | OK | |||
r-oldrel-windows-x86_64 | 0.9.1 | 10.00 | 86.00 | 96.00 | OK |
Version: 0.9.1
Check: Rd cross-references
Result: NOTE
Found the following Rd file(s) with Rd \link{} targets missing package
anchors:
coerce-sp-methods.Rd: SpatialPolygons-class, Polygons-class,
Polygon-class
plot_polyregion.Rd: SpatialPolygons-class, Polygons-class,
Polygon-class
plotpolyf.Rd: SpatialPolygons-class, Polygons-class, Polygon-class
polyCub.Rd: SpatialPolygons-class, Polygons-class, Polygon-class
polyCub.SV.Rd: SpatialPolygons-class, Polygons-class, Polygon-class
polyCub.iso.Rd: SpatialPolygons-class, Polygons-class, Polygon-class
polyCub.midpoint.Rd: SpatialPolygons-class
xylist.Rd: Polygons-class, Polygon-class, SpatialPolygons-class
Please provide package anchors for all Rd \link{} targets not in the
package itself and the base packages.
Flavors: r-devel-linux-x86_64-debian-gcc, r-devel-windows-x86_64
These binaries (installable software) and packages are in development.
They may not be fully stable and should be used with caution. We make no claims about them.