CRAN Package Check Results for Package polyMatrix

Last updated on 2025-10-23 15:50:05 CEST.

Flavor Version Tinstall Tcheck Ttotal Status Flags
r-devel-linux-x86_64-debian-clang 0.9.16 5.88 42.67 48.55 NOTE
r-devel-linux-x86_64-debian-gcc 0.9.16 4.48 31.27 35.75 OK
r-devel-linux-x86_64-fedora-clang 0.9.16 13.00 60.32 73.32 OK
r-devel-linux-x86_64-fedora-gcc 0.9.16 14.00 57.67 71.67 OK
r-devel-windows-x86_64 0.9.16 7.00 62.00 69.00 OK
r-patched-linux-x86_64 0.9.16 4.74 39.78 44.52 OK
r-release-linux-x86_64 0.9.16 5.54 40.50 46.04 OK
r-release-macos-arm64 0.9.16 3.00 25.00 28.00 OK
r-release-macos-x86_64 0.9.16 6.00 40.00 46.00 OK
r-release-windows-x86_64 0.9.16 7.00 64.00 71.00 OK
r-oldrel-macos-arm64 0.9.16 3.00 21.00 24.00 OK
r-oldrel-macos-x86_64 0.9.16 4.00 33.00 37.00 OK
r-oldrel-windows-x86_64 0.9.16 9.00 74.00 83.00 OK

Check Details

Version: 0.9.16
Check: HTML version of manual
Result: NOTE Found the following HTML validation problems: minor.html:52:1 (minor.Rd:12): Warning: missing </ul> before </div> polyMatrix-mmult.html:53:1 (polyMatrix-mmult.Rd:16): Warning: missing </ul> before </div> polyMatrix.apply.html:50:1 (polyMatrix.apply.Rd:12): Warning: missing </ul> before </div> Flavor: r-devel-linux-x86_64-debian-clang

These binaries (installable software) and packages are in development.
They may not be fully stable and should be used with caution. We make no claims about them.