Last updated on 2025-10-03 01:49:56 CEST.
Flavor | Version | Tinstall | Tcheck | Ttotal | Status | Flags |
---|---|---|---|---|---|---|
r-devel-linux-x86_64-debian-clang | 2.0.0 | 52.07 | 139.26 | 191.33 | OK | |
r-devel-linux-x86_64-debian-gcc | 2.0.0 | 41.11 | 101.17 | 142.28 | OK | |
r-devel-linux-x86_64-fedora-clang | 2.0.0 | 325.16 | OK | |||
r-devel-linux-x86_64-fedora-gcc | 2.0.0 | 367.96 | OK | |||
r-devel-windows-x86_64 | 2.0.0 | 55.00 | 177.00 | 232.00 | OK | |
r-patched-linux-x86_64 | 2.0.0 | 60.82 | 134.12 | 194.94 | OK | |
r-release-linux-x86_64 | 2.0.0 | 55.89 | 134.66 | 190.55 | OK | |
r-release-macos-arm64 | 2.0.0 | 97.00 | OK | |||
r-release-macos-x86_64 | 2.0.0 | 165.00 | OK | |||
r-release-windows-x86_64 | 2.0.0 | 62.00 | 176.00 | 238.00 | OK | |
r-oldrel-macos-arm64 | 2.0.0 | 95.00 | NOTE | |||
r-oldrel-macos-x86_64 | 2.0.0 | 129.00 | NOTE | |||
r-oldrel-windows-x86_64 | 2.0.0 | 58.00 | 221.00 | 279.00 | NOTE |
Version: 2.0.0
Check: installed package size
Result: NOTE
installed size is 7.1Mb
sub-directories of 1Mb or more:
extdata 2.8Mb
libs 2.8Mb
Flavors: r-oldrel-macos-arm64, r-oldrel-macos-x86_64, r-oldrel-windows-x86_64
These binaries (installable software) and packages are in development.
They may not be fully stable and should be used with caution. We make no claims about them.