CRAN Package Check Results for Package polyRAD

Last updated on 2025-02-19 17:51:00 CET.

Flavor Version Tinstall Tcheck Ttotal Status Flags
r-devel-linux-x86_64-debian-clang 2.0.0 52.07 134.65 186.72 OK
r-devel-linux-x86_64-debian-gcc 2.0.0 41.77 79.10 120.87 OK
r-devel-linux-x86_64-fedora-clang 2.0.0 322.20 OK
r-devel-linux-x86_64-fedora-gcc 2.0.0 329.24 OK
r-devel-macos-arm64 2.0.0 75.00 OK
r-devel-macos-x86_64 2.0.0 140.00 OK
r-devel-windows-x86_64 2.0.0 59.00 180.00 239.00 OK
r-patched-linux-x86_64 2.0.0 62.63 127.10 189.73 OK
r-release-linux-x86_64 2.0.0 56.34 125.15 181.49 OK
r-release-macos-arm64 2.0.0 95.00 NOTE
r-release-macos-x86_64 2.0.0 129.00 NOTE
r-release-windows-x86_64 2.0.0 56.00 169.00 225.00 NOTE
r-oldrel-macos-arm64 2.0.0 92.00 NOTE
r-oldrel-macos-x86_64 2.0.0 162.00 NOTE
r-oldrel-windows-x86_64 2.0.0 57.00 204.00 261.00 NOTE

Check Details

Version: 2.0.0
Check: installed package size
Result: NOTE installed size is 7.1Mb sub-directories of 1Mb or more: extdata 2.8Mb libs 2.8Mb Flavors: r-release-macos-arm64, r-release-macos-x86_64, r-release-windows-x86_64, r-oldrel-macos-arm64, r-oldrel-macos-x86_64, r-oldrel-windows-x86_64

Version: 2.0.0
Check: package dependencies
Result: NOTE Package suggested but not available for checking: ‘VariantAnnotation’ Flavors: r-oldrel-macos-arm64, r-oldrel-macos-x86_64

Version: 2.0.0
Check: Rd cross-references
Result: NOTE Package unavailable to check Rd xrefs: ‘VariantAnnotation’ Flavors: r-oldrel-macos-arm64, r-oldrel-macos-x86_64

These binaries (installable software) and packages are in development.
They may not be fully stable and should be used with caution. We make no claims about them.