Last updated on 2024-07-27 15:50:29 CEST.
Flavor | Version | Tinstall | Tcheck | Ttotal | Status | Flags |
---|---|---|---|---|---|---|
r-devel-linux-x86_64-debian-clang | 0.6-4 | 3.41 | 49.40 | 52.81 | NOTE | |
r-devel-linux-x86_64-debian-gcc | 0.6-4 | NOTE | ||||
r-devel-linux-x86_64-fedora-clang | 0.6-4 | 68.91 | NOTE | |||
r-devel-linux-x86_64-fedora-gcc | 0.6-4 | 77.52 | NOTE | |||
r-devel-windows-x86_64 | 0.6-4 | 5.00 | 88.00 | 93.00 | NOTE | |
r-patched-linux-x86_64 | 0.6-4 | NOTE | ||||
r-release-linux-x86_64 | 0.6-4 | 4.33 | 47.90 | 52.23 | NOTE | |
r-release-macos-arm64 | 0.6-4 | 31.00 | NOTE | |||
r-release-macos-x86_64 | 0.6-4 | 48.00 | NOTE | |||
r-release-windows-x86_64 | 0.6-4 | 5.00 | 87.00 | 92.00 | NOTE | |
r-oldrel-macos-arm64 | 0.6-4 | 34.00 | OK | |||
r-oldrel-macos-x86_64 | 0.6-4 | 48.00 | OK | |||
r-oldrel-windows-x86_64 | 0.6-4 | 6.00 | 85.00 | 91.00 | OK |
Version: 0.6-4
Check: Rd files
Result: NOTE
checkRd: (-1) calculateDIC.Rd:30-31: Lost braces in \itemize; meant \describe ?
checkRd: (-1) calculateDIC.Rd:32-33: Lost braces in \itemize; meant \describe ?
checkRd: (-1) polySegratioMM-package.Rd:70-72: Lost braces in \itemize; meant \describe ?
Flavors: r-devel-linux-x86_64-debian-clang, r-devel-linux-x86_64-debian-gcc, r-devel-linux-x86_64-fedora-clang, r-devel-linux-x86_64-fedora-gcc, r-devel-windows-x86_64, r-patched-linux-x86_64, r-release-linux-x86_64, r-release-macos-arm64, r-release-macos-x86_64, r-release-windows-x86_64
Version: 0.6-4
Check: for non-standard things in the check directory
Result: NOTE
Found the following files/directories:
‘test-data.R’ ‘test-inits.R’ ‘test.bug’ ‘test.cmd’
Flavors: r-devel-linux-x86_64-debian-clang, r-devel-linux-x86_64-debian-gcc, r-devel-linux-x86_64-fedora-clang, r-devel-linux-x86_64-fedora-gcc, r-patched-linux-x86_64, r-release-linux-x86_64
Version: 0.6-4
Check: Rd cross-references
Result: NOTE
Undeclared package ‘Rcmdr’ in Rd xrefs
Flavor: r-devel-linux-x86_64-fedora-clang
These binaries (installable software) and packages are in development.
They may not be fully stable and should be used with caution. We make no claims about them.