Last updated on 2025-05-01 15:49:39 CEST.
Flavor | Version | Tinstall | Tcheck | Ttotal | Status | Flags |
---|---|---|---|---|---|---|
r-devel-linux-x86_64-debian-clang | 0.6-4 | 3.49 | 40.53 | 44.02 | NOTE | |
r-devel-linux-x86_64-debian-gcc | 0.6-4 | 2.49 | 31.57 | 34.06 | NOTE | |
r-devel-linux-x86_64-fedora-clang | 0.6-4 | 68.20 | NOTE | |||
r-devel-linux-x86_64-fedora-gcc | 0.6-4 | 78.46 | NOTE | |||
r-devel-windows-x86_64 | 0.6-4 | 5.00 | 94.00 | 99.00 | NOTE | |
r-patched-linux-x86_64 | 0.6-4 | 4.46 | 38.93 | 43.39 | NOTE | |
r-release-linux-x86_64 | NOTE | |||||
r-release-macos-arm64 | 0.6-4 | 39.00 | NOTE | |||
r-release-macos-x86_64 | 0.6-4 | 60.00 | NOTE | |||
r-release-windows-x86_64 | 0.6-4 | 5.00 | 100.00 | 105.00 | NOTE | |
r-oldrel-macos-arm64 | 0.6-4 | 31.00 | NOTE | |||
r-oldrel-macos-x86_64 | 0.6-4 | 48.00 | NOTE | |||
r-oldrel-windows-x86_64 | 0.6-4 | 6.00 | 88.00 | 94.00 | NOTE |
Version: 0.6-4
Check: CRAN incoming feasibility
Result: NOTE
Maintainer: ‘Peter Baker <p.baker1@uq.edu.au>’
Package CITATION file contains call(s) to old-style personList() or
as.personList(). Please use c() on person objects instead.
Package CITATION file contains call(s) to old-style citEntry(). Please
use bibentry() instead.
Flavors: r-devel-linux-x86_64-debian-clang, r-devel-linux-x86_64-debian-gcc
Version: 0.6-4
Check: Rd files
Result: NOTE
checkRd: (-1) calculateDIC.Rd:30-31: Lost braces in \itemize; meant \describe ?
checkRd: (-1) calculateDIC.Rd:32-33: Lost braces in \itemize; meant \describe ?
checkRd: (-1) polySegratioMM-package.Rd:70-72: Lost braces in \itemize; meant \describe ?
Flavors: r-devel-linux-x86_64-debian-clang, r-devel-linux-x86_64-debian-gcc, r-devel-linux-x86_64-fedora-clang, r-devel-linux-x86_64-fedora-gcc, r-devel-windows-x86_64, r-patched-linux-x86_64, r-release-linux-x86_64, r-release-macos-arm64, r-release-macos-x86_64, r-release-windows-x86_64, r-oldrel-macos-arm64, r-oldrel-macos-x86_64, r-oldrel-windows-x86_64
Version: 0.6-4
Check: for non-standard things in the check directory
Result: NOTE
Found the following files/directories:
‘test-data.R’ ‘test-inits.R’ ‘test.bug’ ‘test.cmd’
Flavors: r-devel-linux-x86_64-debian-clang, r-devel-linux-x86_64-debian-gcc, r-devel-linux-x86_64-fedora-clang, r-devel-linux-x86_64-fedora-gcc, r-patched-linux-x86_64, r-release-linux-x86_64
These binaries (installable software) and packages are in development.
They may not be fully stable and should be used with caution. We make no claims about them.