CRAN Package Check Results for Package polynom

Last updated on 2025-07-25 01:49:35 CEST.

Flavor Version Tinstall Tcheck Ttotal Status Flags
r-devel-linux-x86_64-debian-clang 1.4-1 2.36 34.93 37.29 NOTE
r-devel-linux-x86_64-debian-gcc 1.4-1 1.82 28.13 29.95 NOTE
r-devel-linux-x86_64-fedora-clang 1.4-1 54.62 OK
r-devel-linux-x86_64-fedora-gcc 1.4-1 66.15 OK
r-devel-windows-x86_64 1.4-1 5.00 59.00 64.00 OK
r-patched-linux-x86_64 1.4-1 2.25 33.35 35.60 OK
r-release-linux-x86_64 1.4-1 2.06 33.15 35.21 OK
r-release-macos-arm64 1.4-1 28.00 OK
r-release-macos-x86_64 1.4-1 42.00 OK
r-release-windows-x86_64 1.4-1 6.00 51.00 57.00 OK
r-oldrel-macos-arm64 1.4-1 36.00 OK
r-oldrel-macos-x86_64 1.4-1 34.00 OK
r-oldrel-windows-x86_64 1.4-1 6.00 58.00 64.00 OK

Check Details

Version: 1.4-1
Check: CRAN incoming feasibility
Result: NOTE Maintainer: ‘Bill Venables <Bill.Venables@gmail.com>’ Package CITATION file contains call(s) to old-style citEntry(). Please use bibentry() instead. Flavors: r-devel-linux-x86_64-debian-clang, r-devel-linux-x86_64-debian-gcc

These binaries (installable software) and packages are in development.
They may not be fully stable and should be used with caution. We make no claims about them.