CRAN Package Check Results for Package polynom

Last updated on 2025-05-01 14:49:18 CEST.

Flavor Version Tinstall Tcheck Ttotal Status Flags
r-devel-linux-x86_64-debian-clang 1.4-1 2.19 34.21 36.40 NOTE
r-devel-linux-x86_64-debian-gcc 1.4-1 1.77 27.02 28.79 NOTE
r-devel-linux-x86_64-fedora-clang 1.4-1 54.97 OK
r-devel-linux-x86_64-fedora-gcc 1.4-1 67.22 OK
r-devel-windows-x86_64 1.4-1 4.00 55.00 59.00 OK
r-patched-linux-x86_64 1.4-1 2.32 33.56 35.88 OK
r-release-linux-x86_64 OK
r-release-macos-arm64 1.4-1 28.00 OK
r-release-macos-x86_64 1.4-1 42.00 OK
r-release-windows-x86_64 1.4-1 5.00 59.00 64.00 OK
r-oldrel-macos-arm64 1.4-1 36.00 OK
r-oldrel-macos-x86_64 1.4-1 34.00 OK
r-oldrel-windows-x86_64 1.4-1 4.00 52.00 56.00 OK

Check Details

Version: 1.4-1
Check: CRAN incoming feasibility
Result: NOTE Maintainer: ‘Bill Venables <Bill.Venables@gmail.com>’ Package CITATION file contains call(s) to old-style citEntry(). Please use bibentry() instead. Flavors: r-devel-linux-x86_64-debian-clang, r-devel-linux-x86_64-debian-gcc

These binaries (installable software) and packages are in development.
They may not be fully stable and should be used with caution. We make no claims about them.