Last updated on 2025-07-02 05:50:23 CEST.
Flavor | Version | Tinstall | Tcheck | Ttotal | Status | Flags |
---|---|---|---|---|---|---|
r-devel-linux-x86_64-debian-clang | 1.0.0 | 4.34 | 44.50 | 48.84 | NOTE | |
r-devel-linux-x86_64-debian-gcc | 1.0.0 | 2.53 | 30.35 | 32.88 | NOTE | |
r-devel-linux-x86_64-fedora-clang | 1.0.0 | 67.40 | NOTE | |||
r-devel-linux-x86_64-fedora-gcc | 1.0.0 | 60.46 | NOTE | |||
r-devel-windows-x86_64 | 1.0.0 | 6.00 | 59.00 | 65.00 | NOTE | |
r-patched-linux-x86_64 | NOTE | |||||
r-release-linux-x86_64 | 1.0.0 | 3.81 | 34.66 | 38.47 | NOTE | |
r-release-macos-arm64 | 1.0.0 | 26.00 | NOTE | |||
r-release-macos-x86_64 | 1.0.0 | 43.00 | NOTE | |||
r-release-windows-x86_64 | 1.0.0 | 6.00 | 64.00 | 70.00 | NOTE | |
r-oldrel-macos-arm64 | 1.0.0 | 22.00 | NOTE | |||
r-oldrel-macos-x86_64 | 1.0.0 | 35.00 | NOTE | |||
r-oldrel-windows-x86_64 | 1.0.0 | 7.00 | 69.00 | 76.00 | NOTE |
Version: 1.0.0
Check: Rd files
Result: NOTE
checkRd: (-1) stat_quantile_prob.Rd:14: Lost braces; missing escapes or markup?
14 | Number {25, 50, 75}
| ^
Flavors: r-devel-linux-x86_64-debian-clang, r-devel-linux-x86_64-debian-gcc, r-devel-linux-x86_64-fedora-clang, r-devel-linux-x86_64-fedora-gcc, r-devel-windows-x86_64, r-patched-linux-x86_64, r-release-linux-x86_64, r-release-macos-arm64, r-release-macos-x86_64, r-release-windows-x86_64, r-oldrel-macos-arm64, r-oldrel-macos-x86_64, r-oldrel-windows-x86_64
These binaries (installable software) and packages are in development.
They may not be fully stable and should be used with caution. We make no claims about them.