Last updated on 2024-07-27 15:50:29 CEST.
Flavor | Version | Tinstall | Tcheck | Ttotal | Status | Flags |
---|---|---|---|---|---|---|
r-devel-linux-x86_64-debian-clang | 1.0.0 | 4.48 | 47.14 | 51.62 | NOTE | |
r-devel-linux-x86_64-debian-gcc | 1.0.0 | NOTE | ||||
r-devel-linux-x86_64-fedora-clang | 1.0.0 | 70.14 | NOTE | |||
r-devel-linux-x86_64-fedora-gcc | 1.0.0 | 61.05 | NOTE | |||
r-devel-windows-x86_64 | 1.0.0 | 7.00 | 60.00 | 67.00 | NOTE | |
r-patched-linux-x86_64 | 1.0.0 | NOTE | ||||
r-release-linux-x86_64 | 1.0.0 | 3.87 | 45.40 | 49.27 | NOTE | |
r-release-macos-arm64 | 1.0.0 | 22.00 | NOTE | |||
r-release-macos-x86_64 | 1.0.0 | 35.00 | NOTE | |||
r-release-windows-x86_64 | 1.0.0 | 6.00 | 58.00 | 64.00 | NOTE | |
r-oldrel-macos-arm64 | 1.0.0 | 23.00 | OK | |||
r-oldrel-macos-x86_64 | 1.0.0 | 33.00 | OK | |||
r-oldrel-windows-x86_64 | 1.0.0 | 7.00 | 65.00 | 72.00 | OK |
Version: 1.0.0
Check: Rd files
Result: NOTE
checkRd: (-1) stat_quantile_prob.Rd:14: Lost braces; missing escapes or markup?
14 | Number {25, 50, 75}
| ^
Flavors: r-devel-linux-x86_64-debian-clang, r-devel-linux-x86_64-debian-gcc, r-devel-linux-x86_64-fedora-clang, r-devel-linux-x86_64-fedora-gcc, r-devel-windows-x86_64, r-patched-linux-x86_64, r-release-linux-x86_64, r-release-macos-arm64, r-release-macos-x86_64, r-release-windows-x86_64
These binaries (installable software) and packages are in development.
They may not be fully stable and should be used with caution. We make no claims about them.