CRAN Package Check Results for Package polyreg

Last updated on 2025-05-08 04:52:14 CEST.

Flavor Version Tinstall Tcheck Ttotal Status Flags
r-devel-linux-x86_64-debian-clang 0.8.0 3.36 29.99 33.35 NOTE
r-devel-linux-x86_64-debian-gcc 0.8.0 2.39 23.38 25.77 NOTE
r-devel-linux-x86_64-fedora-clang 0.8.0 53.93 OK
r-devel-linux-x86_64-fedora-gcc 0.8.0 64.87 OK
r-devel-windows-x86_64 0.8.0 5.00 53.00 58.00 OK
r-patched-linux-x86_64 0.8.0 3.55 28.96 32.51 OK
r-release-linux-x86_64 0.8.0 3.30 28.92 32.22 OK
r-release-macos-arm64 0.8.0 26.00 OK
r-release-macos-x86_64 0.8.0 54.00 OK
r-release-windows-x86_64 0.8.0 5.00 54.00 59.00 OK
r-oldrel-macos-arm64 0.8.0 30.00 OK
r-oldrel-macos-x86_64 0.8.0 58.00 OK
r-oldrel-windows-x86_64 0.8.0 4.00 59.00 63.00 OK

Check Details

Version: 0.8.0
Check: CRAN incoming feasibility
Result: NOTE Maintainer: ‘Norm Matloff <matloff@cs.ucdavis.edu>’ The Description field contains Matloff, and Pete Mohanty (<arXiv:1806.06850>). Please refer to arXiv e-prints via their arXiv DOI <doi:10.48550/arXiv.YYMM.NNNNN>. Flavors: r-devel-linux-x86_64-debian-clang, r-devel-linux-x86_64-debian-gcc

These binaries (installable software) and packages are in development.
They may not be fully stable and should be used with caution. We make no claims about them.