Last updated on 2025-02-16 08:50:57 CET.
Flavor | Version | Tinstall | Tcheck | Ttotal | Status | Flags |
---|---|---|---|---|---|---|
r-devel-linux-x86_64-debian-clang | 0.4-1 | 35.61 | 74.29 | 109.90 | NOTE | |
r-devel-linux-x86_64-debian-gcc | 0.4-1 | 26.82 | 54.70 | 81.52 | NOTE | |
r-devel-linux-x86_64-fedora-clang | 0.4-1 | 197.16 | OK | |||
r-devel-linux-x86_64-fedora-gcc | 0.4-1 | 187.88 | OK | |||
r-devel-macos-arm64 | 0.4-1 | 50.00 | OK | |||
r-devel-macos-x86_64 | 0.4-1 | 86.00 | OK | |||
r-devel-windows-x86_64 | 0.4-1 | 41.00 | 108.00 | 149.00 | NOTE | |
r-patched-linux-x86_64 | 0.4-1 | 40.82 | 69.97 | 110.79 | OK | |
r-release-linux-x86_64 | 0.4-1 | 37.41 | 70.02 | 107.43 | OK | |
r-release-macos-arm64 | 0.4-1 | 50.00 | OK | |||
r-release-macos-x86_64 | 0.4-1 | 67.00 | OK | |||
r-release-windows-x86_64 | 0.4-1 | 40.00 | 107.00 | 147.00 | OK | |
r-oldrel-macos-arm64 | 0.4-1 | 59.00 | OK | |||
r-oldrel-macos-x86_64 | 0.4-1 | 97.00 | OK | |||
r-oldrel-windows-x86_64 | 0.4-1 | 51.00 | 133.00 | 184.00 | OK |
Version: 0.4-1
Check: Rd cross-references
Result: NOTE
Found the following Rd file(s) with Rd \link{} targets missing package
anchors:
bootPolywog.Rd: foreach, dgCMatrix-class
cv.polywog.Rd: cv.ncvreg
polywog.Rd: glmnet, ncvreg, foreach, Formula, dgCMatrix-class,
cv.glmnet, cv.ncvreg
Please provide package anchors for all Rd \link{} targets not in the
package itself and the base packages.
Flavors: r-devel-linux-x86_64-debian-clang, r-devel-linux-x86_64-debian-gcc, r-devel-windows-x86_64
These binaries (installable software) and packages are in development.
They may not be fully stable and should be used with caution. We make no claims about them.