Last updated on 2025-07-22 13:49:20 CEST.
Flavor | Version | Tinstall | Tcheck | Ttotal | Status | Flags |
---|---|---|---|---|---|---|
r-devel-linux-x86_64-debian-clang | 1.2.5 | 45.34 | 386.84 | 432.18 | OK | |
r-devel-linux-x86_64-debian-gcc | 1.2.5 | 37.35 | 229.79 | 267.14 | OK | |
r-devel-linux-x86_64-fedora-clang | 1.2.5 | 703.68 | OK | |||
r-devel-linux-x86_64-fedora-gcc | 1.2.5 | 720.52 | OK | |||
r-devel-windows-x86_64 | 1.2.5 | 59.00 | 369.00 | 428.00 | OK | |
r-patched-linux-x86_64 | 1.2.5 | 53.91 | 363.26 | 417.17 | OK | |
r-release-linux-x86_64 | 1.2.5 | 53.22 | 362.31 | 415.53 | OK | |
r-release-macos-arm64 | 1.2.5 | 181.00 | OK | |||
r-release-macos-x86_64 | 1.2.5 | 392.00 | OK | |||
r-release-windows-x86_64 | 1.2.5 | 59.00 | 382.00 | 441.00 | OK | |
r-oldrel-macos-arm64 | 1.2.5 | 178.00 | NOTE | |||
r-oldrel-macos-x86_64 | 1.2.5 | 378.00 | OK | |||
r-oldrel-windows-x86_64 | 1.2.5 | 71.00 | 523.00 | 594.00 | OK |
Version: 1.2.5
Check: installed package size
Result: NOTE
installed size is 5.3Mb
sub-directories of 1Mb or more:
libs 3.6Mb
Flavor: r-oldrel-macos-arm64
These binaries (installable software) and packages are in development.
They may not be fully stable and should be used with caution. We make no claims about them.