Last updated on 2025-05-01 17:56:11 CEST.
Flavor | Version | Tinstall | Tcheck | Ttotal | Status | Flags |
---|---|---|---|---|---|---|
r-devel-linux-x86_64-debian-clang | 3.8.0 | 15.13 | 221.60 | 236.73 | NOTE | |
r-devel-linux-x86_64-debian-gcc | 3.8.0 | 10.06 | 162.56 | 172.62 | NOTE | |
r-devel-linux-x86_64-fedora-clang | 3.8.0 | 330.36 | NOTE | |||
r-devel-linux-x86_64-fedora-gcc | 3.8.0 | 332.48 | NOTE | |||
r-devel-windows-x86_64 | 3.8.0 | 14.00 | 202.00 | 216.00 | NOTE | |
r-patched-linux-x86_64 | 3.8.0 | 14.32 | 199.22 | 213.54 | NOTE | |
r-release-linux-x86_64 | NOTE | |||||
r-release-macos-arm64 | 3.8.0 | 140.00 | NOTE | |||
r-release-macos-x86_64 | 3.8.0 | 223.00 | NOTE | |||
r-release-windows-x86_64 | 3.8.0 | 15.00 | 209.00 | 224.00 | NOTE | |
r-oldrel-macos-arm64 | 3.8.0 | 130.00 | NOTE | |||
r-oldrel-macos-x86_64 | 3.8.0 | 185.00 | NOTE | |||
r-oldrel-windows-x86_64 | 3.8.0 | 19.00 | 264.00 | 283.00 | NOTE |
Version: 3.8.0
Check: CRAN incoming feasibility
Result: NOTE
Maintainer: ‘Seyma Kalay <seymakalay@hotmail.com>’
No Authors@R field in DESCRIPTION.
Please add one, modifying
Authors@R: person(given = "Seyma",
family = "Kalay",
role = c("aut", "cre"),
email = "seymakalay@hotmail.com")
as necessary.
Flavors: r-devel-linux-x86_64-debian-clang, r-devel-linux-x86_64-debian-gcc
Version: 3.8.0
Check: Rd files
Result: NOTE
checkRd: (-1) MLM_Model.Rd:31: Lost braces; missing escapes or markup?
31 | the weight vectors \bold{{w}^{i}} corresponds to class \eqn{i}{i}.
| ^
checkRd: (-1) MLM_Model.Rd:33: Lost braces; missing escapes or markup?
33 | We set \eqn{{\bold{{w}}^{h}} = 0} and the parameters to be learned are the weight vectors \bold{{w}^{i}}
| ^
Flavors: r-devel-linux-x86_64-debian-clang, r-devel-linux-x86_64-debian-gcc, r-devel-linux-x86_64-fedora-clang, r-devel-linux-x86_64-fedora-gcc, r-devel-windows-x86_64, r-patched-linux-x86_64, r-release-linux-x86_64, r-release-macos-arm64, r-release-macos-x86_64, r-release-windows-x86_64, r-oldrel-macos-arm64, r-oldrel-macos-x86_64, r-oldrel-windows-x86_64
These binaries (installable software) and packages are in development.
They may not be fully stable and should be used with caution. We make no claims about them.