Last updated on 2025-10-09 17:50:47 CEST.
Flavor | Version | Tinstall | Tcheck | Ttotal | Status | Flags |
---|---|---|---|---|---|---|
r-devel-linux-x86_64-debian-clang | 0.3-2 | 2.33 | 18.89 | 21.22 | NOTE | |
r-devel-linux-x86_64-debian-gcc | 0.3-2 | 2.01 | 15.86 | 17.87 | NOTE | |
r-devel-linux-x86_64-fedora-clang | 0.3-2 | 31.27 | OK | |||
r-devel-linux-x86_64-fedora-gcc | 0.3-2 | 29.61 | OK | |||
r-devel-windows-x86_64 | 0.3-2 | 7.00 | 38.00 | 45.00 | OK | |
r-patched-linux-x86_64 | 0.3-2 | 2.47 | 18.01 | 20.48 | OK | |
r-release-linux-x86_64 | 0.3-2 | 2.16 | 17.75 | 19.91 | OK | |
r-release-macos-arm64 | 0.3-2 | 17.00 | OK | |||
r-release-macos-x86_64 | 0.3-2 | 26.00 | OK | |||
r-release-windows-x86_64 | 0.3-2 | 7.00 | 43.00 | 50.00 | OK | |
r-oldrel-macos-arm64 | 0.3-2 | 17.00 | OK | |||
r-oldrel-macos-x86_64 | 0.3-2 | 23.00 | OK | |||
r-oldrel-windows-x86_64 | 0.3-2 | 5.00 | 38.00 | 43.00 | OK |
Version: 0.3-2
Check: CRAN incoming feasibility
Result: NOTE
Maintainer: ‘Charles J. Geyer <charlie@stat.umn.edu>’
No Authors@R field in DESCRIPTION.
Please add one, modifying
Authors@R: c(person(given = c("Charles", "J."),
family = "Geyer.",
role = "aut",
email = "charlie@stat.umn.edu"),
person(given = c("Charles", "J."),
family = "Geyer",
role = "cre",
email = "charlie@stat.umn.edu"))
as necessary.
Flavors: r-devel-linux-x86_64-debian-clang, r-devel-linux-x86_64-debian-gcc
These binaries (installable software) and packages are in development.
They may not be fully stable and should be used with caution. We make no claims about them.